CRAN Package Check Results for Package tab

Last updated on 2020-04-25 01:53:20 CEST.

Flavor Version Tinstall Tcheck Ttotal Status Flags
r-devel-linux-x86_64-debian-clang 4.1.1 15.56 108.56 124.12 OK
r-devel-linux-x86_64-debian-gcc 4.1.1 11.41 81.43 92.84 OK
r-devel-linux-x86_64-fedora-clang 4.1.1 144.18 NOTE
r-devel-linux-x86_64-fedora-gcc 4.1.1 144.29 NOTE
r-devel-windows-ix86+x86_64 4.1.1 37.00 136.00 173.00 OK
r-patched-linux-x86_64 4.1.1 14.35 101.08 115.43 OK
r-patched-osx-x86_64 4.1.1 WARN
r-patched-solaris-x86 4.1.1 210.40 NOTE
r-release-linux-x86_64 4.1.1 12.35 91.65 104.00 OK
r-release-windows-ix86+x86_64 4.1.1 31.00 99.00 130.00 OK
r-release-osx-x86_64 4.1.1 NOTE
r-oldrel-windows-ix86+x86_64 4.1.1 15.00 142.00 157.00 OK
r-oldrel-osx-x86_64 4.1.1 NOTE

Check Details

Version: 4.1.1
Check: dependencies in R code
Result: NOTE
    Namespaces in Imports field not imported from:
     ‘gee’ ‘survival’
     All declared Imports should be used.
Flavors: r-devel-linux-x86_64-fedora-clang, r-devel-linux-x86_64-fedora-gcc, r-patched-osx-x86_64, r-patched-solaris-x86, r-release-osx-x86_64, r-oldrel-osx-x86_64

Version: 4.1.1
Check: re-building of vignette outputs
Result: WARN
    Error(s) in re-building vignettes:
    --- re-building ‘tab.Rmd’ using rmarkdown
    Mann-Whitney U was used to test whether the distribution of Age (years) differs in the two groups.
    Waiting for profiling to be done...
    Beginning Cgee S-function, @(#) geeformula.q 4.13 98/01/27
    running glm to get initial regression estimate
    Loading required package: grid
    Loading required package: Matrix
    
    Attaching package: 'survey'
    
    The following object is masked from 'package:graphics':
    
     dotchart
    
    Warning in summary.glm(g) :
     observations with zero weight not used for calculating dispersion
    Warning in summary.glm(glm.object) :
     observations with zero weight not used for calculating dispersion
    dyld: lazy symbol binding failed: Symbol not found: ____chkstk_darwin
     Referenced from: /usr/local/bin/pandoc (which was built for Mac OS X 10.15)
     Expected in: /usr/lib/libSystem.B.dylib
    
    dyld: Symbol not found: ____chkstk_darwin
     Referenced from: /usr/local/bin/pandoc (which was built for Mac OS X 10.15)
     Expected in: /usr/lib/libSystem.B.dylib
    
    Error: processing vignette 'tab.Rmd' failed with diagnostics:
    pandoc document conversion failed with error 6
    --- failed re-building ‘tab.Rmd’
    
    SUMMARY: processing the following file failed:
     ‘tab.Rmd’
    
    Error: Vignette re-building failed.
    Execution halted
Flavor: r-patched-osx-x86_64