CRAN Package Check Results for Package synchronicity

Last updated on 2020-04-25 01:53:20 CEST.

Flavor Version Tinstall Tcheck Ttotal Status Flags
r-devel-linux-x86_64-debian-clang 1.3.5 28.14 25.07 53.21 OK
r-devel-linux-x86_64-debian-gcc 1.3.5 18.42 20.38 38.80 OK
r-devel-linux-x86_64-fedora-clang 1.3.5 74.51 NOTE
r-devel-linux-x86_64-fedora-gcc 1.3.5 69.03 NOTE
r-devel-windows-ix86+x86_64 1.3.5 93.00 74.00 167.00 OK
r-patched-linux-x86_64 1.3.5 23.16 25.10 48.26 OK
r-patched-osx-x86_64 1.3.5 OK
r-patched-solaris-x86 1.3.5 80.70 OK
r-release-linux-x86_64 1.3.5 21.00 23.55 44.55 OK
r-release-windows-ix86+x86_64 1.3.5 94.00 55.00 149.00 OK
r-release-osx-x86_64 1.3.5 OK
r-oldrel-windows-ix86+x86_64 1.3.5 64.00 69.00 133.00 OK
r-oldrel-osx-x86_64 1.3.5 OK

Check Details

Version: 1.3.5
Check: top-level files
Result: NOTE
     possible bashism in configure line 12 (echo -n):
     echo -n " checking for Sun Studio compiler..."
     possible bashism in configure line 22 (echo -n):
     echo -n " checking for OS..."
Flavors: r-devel-linux-x86_64-fedora-clang, r-devel-linux-x86_64-fedora-gcc