CRAN Package Check Results for Package sybilccFBA

Last updated on 2020-04-25 01:53:20 CEST.

Flavor Version Tinstall Tcheck Ttotal Status Flags
r-devel-linux-x86_64-debian-clang 3.0.1 16.06 89.70 105.76 OK
r-devel-linux-x86_64-debian-gcc 3.0.1 15.59 71.50 87.09 OK
r-devel-linux-x86_64-fedora-clang 3.0.1 131.56 NOTE
r-devel-linux-x86_64-fedora-gcc 3.0.1 129.27 NOTE
r-devel-windows-ix86+x86_64 3.0.1 35.00 114.00 149.00 NOTE
r-patched-linux-x86_64 3.0.1 18.15 89.47 107.62 OK
r-patched-osx-x86_64 3.0.1 NOTE
r-patched-solaris-x86 3.0.1 188.50 NOTE
r-release-linux-x86_64 3.0.1 13.48 81.23 94.71 OK
r-release-windows-ix86+x86_64 3.0.1 31.00 88.00 119.00 NOTE
r-release-osx-x86_64 3.0.1 NOTE
r-oldrel-windows-ix86+x86_64 3.0.1 17.00 117.00 134.00 NOTE
r-oldrel-osx-x86_64 3.0.1 NOTE

Check Details

Version: 3.0.1
Check: package dependencies
Result: NOTE
    Package suggested but not available for checking: ‘cplexAPI’
Flavors: r-devel-linux-x86_64-fedora-clang, r-devel-linux-x86_64-fedora-gcc, r-devel-windows-ix86+x86_64, r-patched-osx-x86_64, r-patched-solaris-x86, r-release-windows-ix86+x86_64, r-release-osx-x86_64, r-oldrel-windows-ix86+x86_64, r-oldrel-osx-x86_64

Version: 3.0.1
Check: installed package size
Result: NOTE
     installed size is 5.2Mb
     sub-directories of 1Mb or more:
     extdata 4.2Mb
Flavors: r-devel-linux-x86_64-fedora-clang, r-devel-windows-ix86+x86_64, r-patched-osx-x86_64, r-patched-solaris-x86, r-release-windows-ix86+x86_64, r-release-osx-x86_64, r-oldrel-windows-ix86+x86_64, r-oldrel-osx-x86_64

Version: 3.0.1
Check: data for non-ASCII characters
Result: NOTE
     Note: found 1 marked UTF-8 string
Flavors: r-devel-linux-x86_64-fedora-clang, r-devel-linux-x86_64-fedora-gcc, r-patched-osx-x86_64, r-patched-solaris-x86, r-release-osx-x86_64, r-oldrel-osx-x86_64