CRAN Package Check Results for Package svSocket

Last updated on 2020-04-25 01:53:19 CEST.

Flavor Version Tinstall Tcheck Ttotal Status Flags
r-devel-linux-x86_64-debian-clang 0.9-57 3.02 25.70 28.72 NOTE
r-devel-linux-x86_64-debian-gcc 0.9-57 2.53 21.11 23.64 NOTE
r-devel-linux-x86_64-fedora-clang 0.9-57 37.52 NOTE
r-devel-linux-x86_64-fedora-gcc 0.9-57 36.84 NOTE
r-devel-windows-ix86+x86_64 0.9-57 10.00 53.00 63.00 NOTE
r-patched-linux-x86_64 0.9-57 2.86 26.02 28.88 NOTE
r-patched-osx-x86_64 0.9-57 NOTE
r-patched-solaris-x86 0.9-57 57.80 NOTE
r-release-linux-x86_64 0.9-57 2.20 24.51 26.71 NOTE
r-release-windows-ix86+x86_64 0.9-57 11.00 37.00 48.00 NOTE
r-release-osx-x86_64 0.9-57 NOTE
r-oldrel-windows-ix86+x86_64 0.9-57 4.00 54.00 58.00 NOTE
r-oldrel-osx-x86_64 0.9-57 NOTE

Check Details

Version: 0.9-57
Check: DESCRIPTION meta-information
Result: NOTE
    Malformed Description field: should contain one or more complete sentences.
Flavors: r-devel-linux-x86_64-debian-clang, r-devel-linux-x86_64-debian-gcc, r-devel-linux-x86_64-fedora-clang, r-devel-linux-x86_64-fedora-gcc, r-devel-windows-ix86+x86_64, r-patched-linux-x86_64, r-patched-osx-x86_64, r-patched-solaris-x86, r-release-linux-x86_64, r-release-windows-ix86+x86_64, r-release-osx-x86_64, r-oldrel-windows-ix86+x86_64, r-oldrel-osx-x86_64

Version: 0.9-57
Check: R code for possible problems
Result: NOTE
    processSocket: no visible global function definition for 'URLdecode'
    Undefined global functions or variables:
     URLdecode
    Consider adding
     importFrom("utils", "URLdecode")
    to your NAMESPACE file.
Flavors: r-devel-linux-x86_64-debian-clang, r-devel-linux-x86_64-debian-gcc, r-devel-linux-x86_64-fedora-clang, r-devel-linux-x86_64-fedora-gcc, r-devel-windows-ix86+x86_64, r-patched-linux-x86_64, r-patched-osx-x86_64, r-patched-solaris-x86, r-release-linux-x86_64, r-release-windows-ix86+x86_64, r-release-osx-x86_64, r-oldrel-windows-ix86+x86_64, r-oldrel-osx-x86_64