CRAN Package Check Results for Package surveysd

Last updated on 2020-04-25 01:53:19 CEST.

Flavor Version Tinstall Tcheck Ttotal Status Flags
r-devel-linux-x86_64-debian-clang 1.2.0 48.71 142.17 190.88 OK --no-tests
r-devel-linux-x86_64-debian-gcc 1.2.0 29.32 162.85 192.17 OK --no-tests
r-devel-linux-x86_64-fedora-clang 1.2.0 346.94 OK
r-devel-linux-x86_64-fedora-gcc 1.2.0 317.54 OK
r-devel-windows-ix86+x86_64 1.2.0 129.00 290.00 419.00 OK
r-patched-linux-x86_64 1.2.0 37.72 140.99 178.71 OK --no-tests
r-patched-osx-x86_64 1.2.0 WARN
r-patched-solaris-x86 1.2.0 337.20 OK
r-release-linux-x86_64 1.2.0 37.46 126.47 163.93 OK --no-tests
r-release-windows-ix86+x86_64 1.2.0 113.00 274.00 387.00 OK
r-release-osx-x86_64 1.2.0 OK
r-oldrel-windows-ix86+x86_64 1.2.0 61.00 361.00 422.00 OK
r-oldrel-osx-x86_64 1.2.0 OK

Check Details

Version: 1.2.0
Check: re-building of vignette outputs
Result: WARN
    Error(s) in re-building vignettes:
    --- re-building ‘error_estimation.Rmd’ using rmarkdown
    dyld: lazy symbol binding failed: Symbol not found: ____chkstk_darwin
     Referenced from: /usr/local/bin/pandoc (which was built for Mac OS X 10.15)
     Expected in: /usr/lib/libSystem.B.dylib
    
    dyld: Symbol not found: ____chkstk_darwin
     Referenced from: /usr/local/bin/pandoc (which was built for Mac OS X 10.15)
     Expected in: /usr/lib/libSystem.B.dylib
    
    Error: processing vignette 'error_estimation.Rmd' failed with diagnostics:
    pandoc document conversion failed with error 6
    --- failed re-building ‘error_estimation.Rmd’
    
    --- re-building ‘ipf.Rmd’ using rmarkdown
    dyld: lazy symbol binding failed: Symbol not found: ____chkstk_darwin
     Referenced from: /usr/local/bin/pandoc (which was built for Mac OS X 10.15)
     Expected in: /usr/lib/libSystem.B.dylib
    
    dyld: Symbol not found: ____chkstk_darwin
     Referenced from: /usr/local/bin/pandoc (which was built for Mac OS X 10.15)
     Expected in: /usr/lib/libSystem.B.dylib
    
    Error: processing vignette 'ipf.Rmd' failed with diagnostics:
    pandoc document conversion failed with error 6
    --- failed re-building ‘ipf.Rmd’
    
    --- re-building ‘methodology.Rmd’ using rmarkdown
    dyld: lazy symbol binding failed: Symbol not found: ____chkstk_darwin
     Referenced from: /usr/local/bin/pandoc (which was built for Mac OS X 10.15)
     Expected in: /usr/lib/libSystem.B.dylib
    
    dyld: Symbol not found: ____chkstk_darwin
     Referenced from: /usr/local/bin/pandoc (which was built for Mac OS X 10.15)
     Expected in: /usr/lib/libSystem.B.dylib
    
    Error: processing vignette 'methodology.Rmd' failed with diagnostics:
    pandoc document conversion failed with error 6
    --- failed re-building ‘methodology.Rmd’
    
    --- re-building ‘surveysd.Rmd’ using rmarkdown
    dyld: lazy symbol binding failed: Symbol not found: ____chkstk_darwin
     Referenced from: /usr/local/bin/pandoc (which was built for Mac OS X 10.15)
     Expected in: /usr/lib/libSystem.B.dylib
    
    dyld: Symbol not found: ____chkstk_darwin
     Referenced from: /usr/local/bin/pandoc (which was built for Mac OS X 10.15)
     Expected in: /usr/lib/libSystem.B.dylib
    
    Error: processing vignette 'surveysd.Rmd' failed with diagnostics:
    pandoc document conversion failed with error 6
    --- failed re-building ‘surveysd.Rmd’
    
    SUMMARY: processing the following files failed:
     ‘error_estimation.Rmd’ ‘ipf.Rmd’ ‘methodology.Rmd’ ‘surveysd.Rmd’
    
    Error: Vignette re-building failed.
    Execution halted
Flavor: r-patched-osx-x86_64