Last updated on 2020-04-25 01:53:19 CEST.
Flavor | Version | Tinstall | Tcheck | Ttotal | Status | Flags |
---|---|---|---|---|---|---|
r-devel-linux-x86_64-debian-clang | 1.18.0 | 78.74 | 536.38 | 615.12 | NOTE | |
r-devel-linux-x86_64-debian-gcc | 1.18.0 | 54.94 | 407.49 | 462.43 | NOTE | |
r-devel-linux-x86_64-fedora-clang | 1.18.0 | 751.22 | NOTE | |||
r-devel-linux-x86_64-fedora-gcc | 1.18.0 | 751.31 | OK | |||
r-devel-windows-ix86+x86_64 | 1.18.0 | 162.00 | 702.00 | 864.00 | NOTE | --no-vignettes |
r-patched-linux-x86_64 | 1.18.0 | 63.89 | 521.80 | 585.69 | NOTE | |
r-patched-osx-x86_64 | 1.18.0 | NOTE | ||||
r-patched-solaris-x86 | 1.18.0 | 982.90 | NOTE | |||
r-release-linux-x86_64 | 1.18.0 | 62.80 | 482.78 | 545.58 | NOTE | |
r-release-windows-ix86+x86_64 | 1.18.0 | 160.00 | 548.00 | 708.00 | NOTE | --no-vignettes |
r-release-osx-x86_64 | 1.18.0 | NOTE | ||||
r-oldrel-windows-ix86+x86_64 | 1.18.0 | 93.00 | 591.00 | 684.00 | NOTE | --no-vignettes |
r-oldrel-osx-x86_64 | 1.18.0 | NOTE |
Version: 1.18.0
Check: package dependencies
Result: NOTE
Package suggested but not available for checking: 'INLA'
Flavors: r-devel-linux-x86_64-debian-clang, r-devel-linux-x86_64-debian-gcc, r-patched-linux-x86_64, r-patched-solaris-x86, r-release-linux-x86_64, r-release-osx-x86_64, r-oldrel-osx-x86_64
Version: 1.18.0
Check: installed package size
Result: NOTE
installed size is 8.5Mb
sub-directories of 1Mb or more:
R 1.7Mb
doc 2.2Mb
libs 2.0Mb
Flavors: r-devel-linux-x86_64-fedora-clang, r-patched-osx-x86_64, r-patched-solaris-x86, r-release-osx-x86_64, r-oldrel-osx-x86_64
Version: 1.18.0
Flags: --no-vignettes
Check: installed package size
Result: NOTE
installed size is 8.6Mb
sub-directories of 1Mb or more:
R 1.7Mb
doc 2.2Mb
libs 2.2Mb
Flavors: r-devel-windows-ix86+x86_64, r-release-windows-ix86+x86_64, r-oldrel-windows-ix86+x86_64
Version: 1.18.0
Check: package dependencies
Result: NOTE
Packages suggested but not available for checking: 'INLA', 'runjags'
Flavor: r-patched-osx-x86_64
Version: 1.18.0
Check: Rd cross-references
Result: NOTE
Package unavailable to check Rd xrefs: ‘runjags’
Flavor: r-patched-osx-x86_64
Version: 1.18.0
Flags: --no-vignettes
Check: dependencies in R code
Result: NOTE
Missing or unexported object: 'grDevices::hcl.colors'
Flavor: r-oldrel-windows-ix86+x86_64
Version: 1.18.0
Check: dependencies in R code
Result: NOTE
Missing or unexported object: ‘grDevices::hcl.colors’
Flavor: r-oldrel-osx-x86_64