CRAN Package Check Results for Package survHE

Last updated on 2020-04-25 01:53:19 CEST.

Flavor Version Tinstall Tcheck Ttotal Status Flags
r-devel-linux-x86_64-debian-clang 1.0.65 863.60 211.77 1075.37 NOTE
r-devel-linux-x86_64-debian-gcc 1.0.65 746.56 196.57 943.13 NOTE
r-devel-linux-x86_64-fedora-clang 1.0.65 1855.02 NOTE
r-devel-linux-x86_64-fedora-gcc 1.0.65 2099.29 NOTE
r-devel-windows-ix86+x86_64 1.0.65 2389.00 386.00 2775.00 NOTE
r-patched-linux-x86_64 1.0.65 869.96 253.04 1123.00 NOTE
r-patched-osx-x86_64 1.0.65 NOTE
r-patched-solaris-x86 1.0.65 1682.40 NOTE
r-release-linux-x86_64 1.0.65 787.78 216.81 1004.59 NOTE
r-release-windows-ix86+x86_64 1.0.65 2411.00 301.00 2712.00 NOTE
r-release-osx-x86_64 1.0.65 ERROR
r-oldrel-windows-ix86+x86_64 1.0.65 1559.00 413.00 1972.00 NOTE
r-oldrel-osx-x86_64 1.0.65 NOTE

Check Details

Version: 1.0.65
Check: package dependencies
Result: NOTE
    Package suggested but not available for checking: 'INLA'
Flavors: r-devel-linux-x86_64-debian-clang, r-devel-linux-x86_64-debian-gcc, r-patched-linux-x86_64, r-patched-osx-x86_64, r-patched-solaris-x86, r-release-linux-x86_64, r-release-osx-x86_64, r-oldrel-osx-x86_64

Version: 1.0.65
Check: for GNU extensions in Makefiles
Result: NOTE
    GNU make is a SystemRequirements.
Flavors: r-devel-linux-x86_64-debian-clang, r-devel-linux-x86_64-debian-gcc, r-devel-linux-x86_64-fedora-clang, r-devel-linux-x86_64-fedora-gcc, r-devel-windows-ix86+x86_64, r-patched-linux-x86_64, r-patched-osx-x86_64, r-patched-solaris-x86, r-release-linux-x86_64, r-release-windows-ix86+x86_64, r-oldrel-windows-ix86+x86_64, r-oldrel-osx-x86_64

Version: 1.0.65
Check: installed package size
Result: NOTE
     installed size is 157.4Mb
     sub-directories of 1Mb or more:
     libs 155.9Mb
Flavors: r-devel-linux-x86_64-fedora-clang, r-devel-windows-ix86+x86_64, r-patched-osx-x86_64, r-patched-solaris-x86, r-release-windows-ix86+x86_64, r-oldrel-windows-ix86+x86_64, r-oldrel-osx-x86_64

Version: 1.0.65
Check: whether package can be installed
Result: ERROR
    Installation failed.
Flavor: r-release-osx-x86_64