CRAN Package Check Results for Package supervisedPRIM

Last updated on 2020-04-25 01:53:19 CEST.

Flavor Version Tinstall Tcheck Ttotal Status Flags
r-devel-linux-x86_64-debian-clang 2.0.0 4.09 207.42 211.51 OK
r-devel-linux-x86_64-debian-gcc 2.0.0 3.32 158.20 161.52 OK
r-devel-linux-x86_64-fedora-clang 2.0.0 287.78 OK
r-devel-linux-x86_64-fedora-gcc 2.0.0 249.75 OK
r-devel-windows-ix86+x86_64 2.0.0 18.00 228.00 246.00 OK
r-patched-linux-x86_64 2.0.0 4.35 203.00 207.35 OK
r-patched-osx-x86_64 2.0.0 OK
r-patched-solaris-x86 2.0.0 409.80 OK
r-release-linux-x86_64 2.0.0 3.52 189.98 193.50 OK
r-release-windows-ix86+x86_64 2.0.0 13.00 197.00 210.00 OK
r-release-osx-x86_64 2.0.0 WARN
r-oldrel-windows-ix86+x86_64 2.0.0 4.00 268.00 272.00 OK
r-oldrel-osx-x86_64 2.0.0 OK

Check Details

Version: 2.0.0
Check: whether package can be installed
Result: WARN
    Found the following significant warnings:
     Warning: 'rgl_init' failed, running with rgl.useNULL = TRUE
Flavor: r-release-osx-x86_64