CRAN Package Check Results for Package stylest

Last updated on 2020-04-25 01:53:19 CEST.

Flavor Version Tinstall Tcheck Ttotal Status Flags
r-devel-linux-x86_64-debian-clang 0.1.0 6.51 65.54 72.05 OK
r-devel-linux-x86_64-debian-gcc 0.1.0 5.38 53.95 59.33 OK
r-devel-linux-x86_64-fedora-clang 0.1.0 90.72 NOTE
r-devel-linux-x86_64-fedora-gcc 0.1.0 90.84 NOTE
r-devel-windows-ix86+x86_64 0.1.0 20.00 71.00 91.00 OK
r-patched-linux-x86_64 0.1.0 7.05 65.89 72.94 OK
r-patched-osx-x86_64 0.1.0 NOTE
r-patched-solaris-x86 0.1.0 140.20 NOTE
r-release-linux-x86_64 0.1.0 5.56 59.00 64.56 OK
r-release-windows-ix86+x86_64 0.1.0 14.00 68.00 82.00 OK
r-release-osx-x86_64 0.1.0 NOTE
r-oldrel-windows-ix86+x86_64 0.1.0 6.00 94.00 100.00 OK
r-oldrel-osx-x86_64 0.1.0 NOTE

Check Details

Version: 0.1.0
Check: data for non-ASCII characters
Result: NOTE
     Note: found 2 marked UTF-8 strings
Flavors: r-devel-linux-x86_64-fedora-clang, r-devel-linux-x86_64-fedora-gcc, r-patched-osx-x86_64, r-patched-solaris-x86, r-release-osx-x86_64, r-oldrel-osx-x86_64