CRAN Package Check Results for Package studyStrap

Last updated on 2020-04-25 01:53:19 CEST.

Flavor Version Tinstall Tcheck Ttotal Status Flags
r-devel-linux-x86_64-debian-clang 1.0.0 19.15 247.73 266.88 OK
r-devel-linux-x86_64-debian-gcc 1.0.0 15.35 198.94 214.29 OK
r-devel-linux-x86_64-fedora-clang 1.0.0 316.75 NOTE
r-devel-linux-x86_64-fedora-gcc 1.0.0 308.09 NOTE
r-devel-windows-ix86+x86_64 1.0.0 67.00 237.00 304.00 OK
r-patched-linux-x86_64 1.0.0 16.69 239.44 256.13 OK
r-patched-osx-x86_64 1.0.0 WARN
r-patched-solaris-x86 1.0.0 509.90 NOTE
r-release-linux-x86_64 1.0.0 14.91 224.98 239.89 OK
r-release-windows-ix86+x86_64 1.0.0 54.00 320.00 374.00 OK
r-release-osx-x86_64 1.0.0 NOTE
r-oldrel-windows-ix86+x86_64 1.0.0 21.00 248.00 269.00 OK
r-oldrel-osx-x86_64 1.0.0 NOTE

Check Details

Version: 1.0.0
Check: dependencies in R code
Result: NOTE
    Namespaces in Imports field not imported from:
     ‘pls’ ‘tibble’
     All declared Imports should be used.
Flavors: r-devel-linux-x86_64-fedora-clang, r-devel-linux-x86_64-fedora-gcc, r-patched-osx-x86_64, r-patched-solaris-x86, r-release-osx-x86_64, r-oldrel-osx-x86_64

Version: 1.0.0
Check: re-building of vignette outputs
Result: WARN
    Error(s) in re-building vignettes:
    --- re-building ‘vignette.Rmd’ using rmarkdown
    Study 1
    Study 2
    Study 3
    Study 4
    Study 5
    Study 6
    Study 7
    Study 8
    Study 9
    Study 10
    Study 1
    Study 2
    Study 3
    Study 4
    Study 5
    Study 6
    Study 7
    Study 8
    Study 9
    Study 10
    Study 1
    Study 2
    Study 3
    Study 4
    Study 5
    Study 6
    Study 7
    Study 8
    Study 9
    Study 10
    SSL 1
    SSL 1
    SSL 2
    Study Strap 1
    Study Strap 2
    Study Strap 3
    Study Strap 4
    Study Strap 5
    Study Strap 6
    Study Strap 7
    Study Strap 8
    Study Strap 9
    Study Strap 10
    Study Strap 1
    Study Strap 2
    Study Strap 3
    Study Strap 4
    Study Strap 5
    Study Strap 6
    Study Strap 7
    Study Strap 8
    Study Strap 9
    Study Strap 10
    Study Strap 1
    Study Strap 2
    Study Strap 3
    Study Strap 4
    Study Strap 5
    Study Strap 6
    Study Strap 7
    Study Strap 8
    Study Strap 9
    Study Strap 10
    Study Strap 1
    Study Strap 2
    Study Strap 3
    Study Strap 4
    Study Strap 5
    Study Strap 6
    Study Strap 7
    Study Strap 8
    Study Strap 9
    Study Strap 10
    Study Strap: 1, Path: 1
    Study Strap: 2, Path: 1
    Study Strap: 3, Path: 2
    Study Strap: 1, Path: 1
    Study Strap: 2, Path: 1
    Study Strap: 3, Path: 2
    Study Strap: 1, Path: 1
    Study Strap: 2, Path: 1
    Study Strap: 3, Path: 2
    Study Strap: 4, Path: 2
    dyld: lazy symbol binding failed: Symbol not found: ____chkstk_darwin
     Referenced from: /usr/local/bin/pandoc (which was built for Mac OS X 10.15)
     Expected in: /usr/lib/libSystem.B.dylib
    
    dyld: Symbol not found: ____chkstk_darwin
     Referenced from: /usr/local/bin/pandoc (which was built for Mac OS X 10.15)
     Expected in: /usr/lib/libSystem.B.dylib
    
    Error: processing vignette 'vignette.Rmd' failed with diagnostics:
    pandoc document conversion failed with error 6
    --- failed re-building ‘vignette.Rmd’
    
    SUMMARY: processing the following file failed:
     ‘vignette.Rmd’
    
    Error: Vignette re-building failed.
    Execution halted
Flavor: r-patched-osx-x86_64