CRAN Package Check Results for Package stringi

Last updated on 2020-04-25 01:53:19 CEST.

Flavor Version Tinstall Tcheck Ttotal Status Flags
r-devel-linux-x86_64-debian-clang 1.4.6 113.68 51.80 165.48 OK
r-devel-linux-x86_64-debian-gcc 1.4.6 65.79 40.27 106.06 OK
r-devel-linux-x86_64-fedora-clang 1.4.6 270.22 NOTE
r-devel-linux-x86_64-fedora-gcc 1.4.6 191.72 OK
r-devel-windows-ix86+x86_64 1.4.6 11.00 6.00 17.00 ERROR
r-patched-linux-x86_64 1.4.6 83.59 51.46 135.05 OK
r-patched-osx-x86_64 1.4.6 NOTE
r-patched-solaris-x86 1.4.6 841.70 NOTE
r-release-linux-x86_64 1.4.6 79.99 47.76 127.75 OK
r-release-windows-ix86+x86_64 1.4.6 1036.00 119.00 1155.00 NOTE
r-release-osx-x86_64 1.4.6 NOTE
r-oldrel-windows-ix86+x86_64 1.4.6 1090.00 136.00 1226.00 NOTE
r-oldrel-osx-x86_64 1.4.6 NOTE

Additional issues

rchk

Check Details

Version: 1.4.6
Check: installed package size
Result: NOTE
     installed size is 6.1Mb
     sub-directories of 1Mb or more:
     libs 5.4Mb
Flavors: r-devel-linux-x86_64-fedora-clang, r-patched-osx-x86_64, r-patched-solaris-x86, r-release-windows-ix86+x86_64, r-release-osx-x86_64, r-oldrel-windows-ix86+x86_64, r-oldrel-osx-x86_64

Version: 1.4.6
Check: whether package can be installed
Result: ERROR
    Installation failed.
Flavor: r-devel-windows-ix86+x86_64