CRAN Package Check Results for Package stressr

Last updated on 2020-04-25 01:53:19 CEST.

Flavor Version Tinstall Tcheck Ttotal Status Flags
r-devel-linux-x86_64-debian-clang 1.0.0 3.79 37.51 41.30 NOTE
r-devel-linux-x86_64-debian-gcc 1.0.0 2.91 29.47 32.38 NOTE
r-devel-linux-x86_64-fedora-clang 1.0.0 49.34 NOTE
r-devel-linux-x86_64-fedora-gcc 1.0.0 49.28 NOTE
r-devel-windows-ix86+x86_64 1.0.0 12.00 55.00 67.00 NOTE
r-patched-linux-x86_64 1.0.0 3.36 36.60 39.96 NOTE
r-patched-osx-x86_64 1.0.0 NOTE
r-patched-solaris-x86 1.0.0 80.60 NOTE
r-release-linux-x86_64 1.0.0 3.29 33.88 37.17 NOTE
r-release-windows-ix86+x86_64 1.0.0 8.00 48.00 56.00 NOTE
r-release-osx-x86_64 1.0.0 NOTE
r-oldrel-windows-ix86+x86_64 1.0.0 4.00 62.00 66.00 NOTE
r-oldrel-osx-x86_64 1.0.0 NOTE

Check Details

Version: 1.0.0
Check: DESCRIPTION meta-information
Result: NOTE
    Malformed Title field: should not end in a period.
Flavors: r-devel-linux-x86_64-debian-clang, r-devel-linux-x86_64-debian-gcc, r-devel-linux-x86_64-fedora-clang, r-devel-linux-x86_64-fedora-gcc, r-devel-windows-ix86+x86_64, r-patched-linux-x86_64, r-patched-osx-x86_64, r-patched-solaris-x86, r-release-linux-x86_64, r-release-windows-ix86+x86_64, r-release-osx-x86_64, r-oldrel-windows-ix86+x86_64, r-oldrel-osx-x86_64