Last updated on 2020-04-25 01:53:19 CEST.
Flavor | Version | Tinstall | Tcheck | Ttotal | Status | Flags |
---|---|---|---|---|---|---|
r-devel-linux-x86_64-debian-clang | 1.0-2 | 12.80 | 225.08 | 237.88 | OK | |
r-devel-linux-x86_64-debian-gcc | 1.0-2 | 8.48 | 190.65 | 199.13 | OK | |
r-devel-linux-x86_64-fedora-clang | 1.0-2 | 307.65 | OK | |||
r-devel-linux-x86_64-fedora-gcc | 1.0-2 | 301.21 | OK | |||
r-devel-windows-ix86+x86_64 | 1.0-2 | 33.00 | 386.00 | 419.00 | OK | |
r-patched-linux-x86_64 | 1.0-2 | 11.94 | 222.39 | 234.33 | OK | |
r-patched-osx-x86_64 | 1.0-2 | WARN | ||||
r-patched-solaris-x86 | 1.0-2 | 606.60 | OK | |||
r-release-linux-x86_64 | 1.0-2 | 9.24 | 216.01 | 225.25 | OK | |
r-release-windows-ix86+x86_64 | 1.0-2 | 24.00 | 353.00 | 377.00 | OK | |
r-release-osx-x86_64 | 1.0-2 | OK | ||||
r-oldrel-windows-ix86+x86_64 | 1.0-2 | 12.00 | 482.00 | 494.00 | OK | |
r-oldrel-osx-x86_64 | 1.0-2 | OK |
Version: 1.0-2
Check: re-building of vignette outputs
Result: WARN
Error(s) in re-building vignettes:
...
--- re-building ‘stratifyR-vignette.Rmd’ using rmarkdown
dyld: lazy symbol binding failed: Symbol not found: ____chkstk_darwin
Referenced from: /usr/local/bin/pandoc (which was built for Mac OS X 10.15)
Expected in: /usr/lib/libSystem.B.dylib
dyld: Symbol not found: ____chkstk_darwin
Referenced from: /usr/local/bin/pandoc (which was built for Mac OS X 10.15)
Expected in: /usr/lib/libSystem.B.dylib
Error: processing vignette 'stratifyR-vignette.Rmd' failed with diagnostics:
pandoc document conversion failed with error 6
--- failed re-building ‘stratifyR-vignette.Rmd’
SUMMARY: processing the following file failed:
‘stratifyR-vignette.Rmd’
Error: Vignette re-building failed.
Execution halted
Flavor: r-patched-osx-x86_64