CRAN Package Check Results for Package stpm

Last updated on 2020-04-25 01:53:19 CEST.

Flavor Version Tinstall Tcheck Ttotal Status Flags
r-devel-linux-x86_64-debian-clang 1.7.7 239.48 415.70 655.18 OK
r-devel-linux-x86_64-debian-gcc 1.7.7 154.92 333.97 488.89 OK
r-devel-linux-x86_64-fedora-clang 1.7.7 817.71 NOTE
r-devel-linux-x86_64-fedora-gcc 1.7.7 826.90 NOTE
r-devel-windows-ix86+x86_64 1.7.7 523.00 461.00 984.00 NOTE
r-patched-linux-x86_64 1.7.7 179.80 410.59 590.39 OK
r-patched-osx-x86_64 1.7.7 WARN
r-patched-solaris-x86 1.7.7 915.30 NOTE
r-release-linux-x86_64 1.7.7 185.85 393.25 579.10 OK
r-release-windows-ix86+x86_64 1.7.7 455.00 418.00 873.00 OK
r-release-osx-x86_64 1.7.7 NOTE
r-oldrel-windows-ix86+x86_64 1.7.7 284.00 547.00 831.00 OK
r-oldrel-osx-x86_64 1.7.7 NOTE

Check Details

Version: 1.7.7
Check: installed package size
Result: NOTE
     installed size is 10.4Mb
     sub-directories of 1Mb or more:
     libs 8.0Mb
Flavors: r-devel-linux-x86_64-fedora-clang, r-devel-windows-ix86+x86_64, r-patched-osx-x86_64, r-release-osx-x86_64, r-oldrel-osx-x86_64

Version: 1.7.7
Check: dependencies in R code
Result: NOTE
    Namespace in Imports field not imported from: ‘knitcitations’
     All declared Imports should be used.
Flavors: r-devel-linux-x86_64-fedora-clang, r-devel-linux-x86_64-fedora-gcc, r-patched-osx-x86_64, r-patched-solaris-x86, r-release-osx-x86_64, r-oldrel-osx-x86_64

Version: 1.7.7
Check: re-building of vignette outputs
Result: WARN
    Error(s) in re-building vignettes:
     ...
    --- re-building ‘stpm-vignette.Rmd’ using rmarkdown
    Writing 8 Bibtex entries ... OK
    Results written to file 'references.bib'
    Loading required package: Rcpp
    dyld: lazy symbol binding failed: Symbol not found: ____chkstk_darwin
     Referenced from: /usr/local/bin/pandoc (which was built for Mac OS X 10.15)
     Expected in: /usr/lib/libSystem.B.dylib
    
    dyld: Symbol not found: ____chkstk_darwin
     Referenced from: /usr/local/bin/pandoc (which was built for Mac OS X 10.15)
     Expected in: /usr/lib/libSystem.B.dylib
    
    Error: processing vignette 'stpm-vignette.Rmd' failed with diagnostics:
    pandoc document conversion failed with error 6
    --- failed re-building ‘stpm-vignette.Rmd’
    
    SUMMARY: processing the following file failed:
     ‘stpm-vignette.Rmd’
    
    Error: Vignette re-building failed.
    Execution halted
Flavor: r-patched-osx-x86_64