Last updated on 2020-04-25 01:53:19 CEST.
Flavor | Version | Tinstall | Tcheck | Ttotal | Status | Flags |
---|---|---|---|---|---|---|
r-devel-linux-x86_64-debian-clang | 2.0.4 | 170.44 | 135.76 | 306.20 | OK | |
r-devel-linux-x86_64-debian-gcc | 2.0.4 | 109.60 | 102.77 | 212.37 | OK | |
r-devel-linux-x86_64-fedora-clang | 2.0.4 | 430.27 | NOTE | |||
r-devel-linux-x86_64-fedora-gcc | 2.0.4 | 386.13 | OK | |||
r-devel-windows-ix86+x86_64 | 2.0.4 | 433.00 | 241.00 | 674.00 | NOTE | |
r-patched-linux-x86_64 | 2.0.4 | 141.26 | 138.37 | 279.63 | OK | |
r-patched-osx-x86_64 | 2.0.4 | NOTE | ||||
r-patched-solaris-x86 | 2.0.4 | 474.60 | OK | |||
r-release-linux-x86_64 | 2.0.4 | 136.89 | 137.68 | 274.57 | OK | |
r-release-windows-ix86+x86_64 | 2.0.4 | 387.00 | 227.00 | 614.00 | NOTE | |
r-release-osx-x86_64 | 2.0.4 | NOTE | ||||
r-oldrel-windows-ix86+x86_64 | 2.0.4 | 280.00 | 266.00 | 546.00 | NOTE | |
r-oldrel-osx-x86_64 | 2.0.4 | NOTE |
Version: 2.0.4
Check: installed package size
Result: NOTE
installed size is 8.3Mb
sub-directories of 1Mb or more:
doc 2.6Mb
libs 5.2Mb
Flavors: r-devel-linux-x86_64-fedora-clang, r-devel-windows-ix86+x86_64, r-patched-osx-x86_64, r-release-windows-ix86+x86_64, r-release-osx-x86_64, r-oldrel-windows-ix86+x86_64, r-oldrel-osx-x86_64