CRAN Package Check Results for Package statmod

Last updated on 2020-04-25 01:53:19 CEST.

Flavor Version Tinstall Tcheck Ttotal Status Flags
r-devel-linux-x86_64-debian-clang 1.4.34 7.17 36.98 44.15 OK
r-devel-linux-x86_64-debian-gcc 1.4.34 5.08 28.50 33.58 OK
r-devel-linux-x86_64-fedora-clang 1.4.34 52.01 OK
r-devel-linux-x86_64-fedora-gcc 1.4.34 51.86 OK
r-devel-windows-ix86+x86_64 1.4.34 3.00 9.00 12.00 ERROR
r-patched-linux-x86_64 1.4.34 5.34 36.40 41.74 OK
r-patched-osx-x86_64 1.4.34 OK
r-patched-solaris-x86 1.4.34 72.60 OK
r-release-linux-x86_64 1.4.34 5.00 33.48 38.48 OK
r-release-windows-ix86+x86_64 1.4.34 16.00 54.00 70.00 OK
r-release-osx-x86_64 1.4.34 OK
r-oldrel-windows-ix86+x86_64 1.4.34 12.00 73.00 85.00 OK
r-oldrel-osx-x86_64 1.4.34 OK

Check Details

Version: 1.4.34
Check: whether package can be installed
Result: ERROR
    Installation failed.
Flavor: r-devel-windows-ix86+x86_64