CRAN Package Check Results for Package statgenSTA

Last updated on 2020-04-25 01:53:19 CEST.

Flavor Version Tinstall Tcheck Ttotal Status Flags
r-devel-linux-x86_64-debian-clang 1.0.4 11.69 222.39 234.08 NOTE
r-devel-linux-x86_64-debian-gcc 1.0.4 9.64 165.45 175.09 NOTE
r-devel-linux-x86_64-fedora-clang 1.0.4 273.02 NOTE
r-devel-linux-x86_64-fedora-gcc 1.0.4 275.30 NOTE
r-devel-windows-ix86+x86_64 1.0.4 39.00 305.00 344.00 NOTE
r-patched-linux-x86_64 1.0.4 10.30 212.22 222.52 NOTE
r-patched-osx-x86_64 1.0.4 WARN
r-patched-solaris-x86 1.0.4 396.30 NOTE
r-release-linux-x86_64 1.0.4 10.41 205.19 215.60 NOTE
r-release-windows-ix86+x86_64 1.0.4 28.00 282.00 310.00 NOTE
r-release-osx-x86_64 1.0.4 NOTE
r-oldrel-windows-ix86+x86_64 1.0.4 4.00 6.00 10.00 ERROR
r-oldrel-osx-x86_64 1.0.3 ERROR

Check Details

Version: 1.0.4
Check: package dependencies
Result: NOTE
    Package suggested but not available for checking: 'asreml'
Flavors: r-devel-linux-x86_64-debian-clang, r-devel-linux-x86_64-debian-gcc, r-devel-linux-x86_64-fedora-clang, r-devel-linux-x86_64-fedora-gcc, r-devel-windows-ix86+x86_64, r-patched-linux-x86_64, r-patched-osx-x86_64, r-patched-solaris-x86, r-release-linux-x86_64, r-release-windows-ix86+x86_64, r-release-osx-x86_64, r-oldrel-windows-ix86+x86_64

Version: 1.0.4
Check: dependencies in R code
Result: NOTE
    Namespace in Imports field not imported from: ‘mapproj’
     All declared Imports should be used.
Flavors: r-devel-linux-x86_64-fedora-clang, r-devel-linux-x86_64-fedora-gcc, r-patched-osx-x86_64, r-patched-solaris-x86, r-release-osx-x86_64

Version: 1.0.4
Check: re-building of vignette outputs
Result: WARN
    Error(s) in re-building vignettes:
    --- re-building ‘statgenSTA.Rmd’ using rmarkdown
    Using SpATS for fitting models.
    Using SpATS for fitting models.
    Using SpATS for fitting models.
    Using SpATS for fitting models.
    Using SpATS for fitting models.
    Using SpATS for fitting models.
    Using SpATS for fitting models.
    Using SpATS for fitting models.
    dyld: lazy symbol binding failed: Symbol not found: ____chkstk_darwin
     Referenced from: /usr/local/bin/pandoc (which was built for Mac OS X 10.15)
     Expected in: /usr/lib/libSystem.B.dylib
    
    dyld: Symbol not found: ____chkstk_darwin
     Referenced from: /usr/local/bin/pandoc (which was built for Mac OS X 10.15)
     Expected in: /usr/lib/libSystem.B.dylib
    
    Error: processing vignette 'statgenSTA.Rmd' failed with diagnostics:
    pandoc document conversion failed with error 6
    --- failed re-building ‘statgenSTA.Rmd’
    
    SUMMARY: processing the following file failed:
     ‘statgenSTA.Rmd’
    
    Error: Vignette re-building failed.
    Execution halted
Flavor: r-patched-osx-x86_64

Version: 1.0.4
Check: whether package can be installed
Result: ERROR
    Installation failed.
Flavor: r-oldrel-windows-ix86+x86_64

Version: 1.0.3
Check: package dependencies
Result: NOTE
    Package suggested but not available for checking: ‘asreml’
Flavor: r-oldrel-osx-x86_64

Version: 1.0.3
Check: whether package can be installed
Result: ERROR
    Installation failed.
Flavor: r-oldrel-osx-x86_64