CRAN Package Check Results for Package statVisual

Last updated on 2020-04-25 01:53:19 CEST.

Flavor Version Tinstall Tcheck Ttotal Status Flags
r-devel-linux-x86_64-debian-clang 1.2.1 19.80 196.14 215.94 OK
r-devel-linux-x86_64-debian-gcc 1.2.1 16.72 145.04 161.76 OK
r-devel-linux-x86_64-fedora-clang 1.2.1 253.02 NOTE
r-devel-linux-x86_64-fedora-gcc 1.2.1 247.89 NOTE
r-devel-windows-ix86+x86_64 1.2.1 74.00 294.00 368.00 OK
r-patched-linux-x86_64 1.2.1 15.89 183.66 199.55 OK
r-patched-osx-x86_64 1.2.1 ERROR
r-patched-solaris-x86 1.2.1 326.90 NOTE
r-release-linux-x86_64 1.2.1 16.21 174.70 190.91 OK
r-release-windows-ix86+x86_64 1.2.1 42.00 281.00 323.00 OK
r-release-osx-x86_64 1.2.1 NOTE
r-oldrel-windows-ix86+x86_64 1.2.1 18.00 212.00 230.00 OK
r-oldrel-osx-x86_64 1.2.1 ERROR

Check Details

Version: 1.2.1
Check: package dependencies
Result: NOTE
    Imports includes 23 non-default packages.
    Importing from so many packages makes the package vulnerable to any of
    them becoming unavailable. Move as many as possible to Suggests and
    use conditionally.
Flavor: r-devel-linux-x86_64-fedora-clang

Version: 1.2.1
Check: dependencies in R code
Result: NOTE
    Namespaces in Imports field not imported from:
     ‘gbm’ ‘ggfortify’ ‘tibble’ ‘tidyverse’
     All declared Imports should be used.
Flavors: r-devel-linux-x86_64-fedora-clang, r-devel-linux-x86_64-fedora-gcc, r-patched-solaris-x86, r-release-osx-x86_64

Version: 1.2.1
Check: package dependencies
Result: ERROR
    Package required but not available: ‘pvca’
    
    See section ‘The DESCRIPTION file’ in the ‘Writing R Extensions’
    manual.
Flavors: r-patched-osx-x86_64, r-oldrel-osx-x86_64