Last updated on 2020-04-25 01:53:19 CEST.
Flavor | Version | Tinstall | Tcheck | Ttotal | Status | Flags |
---|---|---|---|---|---|---|
r-devel-linux-x86_64-debian-clang | 1.0.3.4 | 18.25 | 175.58 | 193.83 | NOTE | |
r-devel-linux-x86_64-debian-gcc | 1.0.3.4 | 14.76 | 149.75 | 164.51 | NOTE | |
r-devel-linux-x86_64-fedora-clang | 1.0.3.4 | 231.82 | NOTE | |||
r-devel-linux-x86_64-fedora-gcc | 1.0.3.4 | 229.16 | NOTE | |||
r-devel-windows-ix86+x86_64 | 1.0.3.4 | 63.00 | 305.00 | 368.00 | OK | |
r-patched-linux-x86_64 | 1.0.3.4 | 17.47 | 171.68 | 189.15 | NOTE | |
r-patched-osx-x86_64 | 1.0.3.4 | OK | ||||
r-patched-solaris-x86 | 1.0.3.4 | 360.50 | NOTE | |||
r-release-linux-x86_64 | 1.0.3.4 | 15.67 | 155.86 | 171.53 | OK | |
r-release-windows-ix86+x86_64 | 1.0.3.4 | 49.00 | 199.00 | 248.00 | OK | |
r-release-osx-x86_64 | 1.0.3.4 | ERROR | ||||
r-oldrel-windows-ix86+x86_64 | 1.0.3.4 | 25.00 | 269.00 | 294.00 | OK | |
r-oldrel-osx-x86_64 | 1.0.3.4 | ERROR |
Version: 1.0.3.4
Check: for non-standard things in the check directory
Result: NOTE
Found the following files/directories:
'EmiStatR_output' 'ExamplePlot-event.pdf' 'ExamplePlot-season.pdf'
'Output1_MC-uncertainty_360min-event.pdf'
'Output1_MC-uncertainty_360min-season.pdf' 'gof.RData' 'gof.csv'
'gofGoF_results.RData' 'gofGoF_results.csv' 'mc.RData' 'sim1.RData'
'summ.RData' 'variance.RData'
Flavors: r-devel-linux-x86_64-debian-clang, r-devel-linux-x86_64-debian-gcc, r-devel-linux-x86_64-fedora-clang, r-devel-linux-x86_64-fedora-gcc, r-patched-linux-x86_64, r-patched-solaris-x86
Version: 1.0.3.4
Check: package dependencies
Result: ERROR
Package required but not available: ‘EmiStatR’
See section ‘The DESCRIPTION file’ in the ‘Writing R Extensions’
manual.
Flavor: r-release-osx-x86_64
Version: 1.0.3.4
Check: whether package can be installed
Result: ERROR
Installation failed.
Flavor: r-oldrel-osx-x86_64