CRAN Package Check Results for Package ssMousetrack

Last updated on 2020-04-25 01:53:19 CEST.

Flavor Version Tinstall Tcheck Ttotal Status Flags
r-devel-linux-x86_64-debian-clang 1.1.5 476.73 85.45 562.18 NOTE
r-devel-linux-x86_64-debian-gcc 1.1.5 405.01 79.29 484.30 NOTE
r-devel-linux-x86_64-fedora-clang 1.1.5 762.20 NOTE
r-devel-linux-x86_64-fedora-gcc 1.1.5 856.72 NOTE
r-devel-windows-ix86+x86_64 1.1.5 1040.00 242.00 1282.00 NOTE
r-patched-linux-x86_64 1.1.5 424.83 99.79 524.62 NOTE
r-patched-osx-x86_64 1.1.5 NOTE
r-patched-solaris-x86 1.1.5 672.90 NOTE
r-release-linux-x86_64 1.1.5 364.36 86.98 451.34 NOTE
r-release-windows-ix86+x86_64 1.1.5 960.00 155.00 1115.00 NOTE
r-release-osx-x86_64 1.1.5 NOTE
r-oldrel-windows-ix86+x86_64 1.1.5 676.00 209.00 885.00 NOTE
r-oldrel-osx-x86_64 1.1.5 NOTE

Check Details

Version: 1.1.5
Check: for GNU extensions in Makefiles
Result: NOTE
    GNU make is a SystemRequirements.
Flavors: r-devel-linux-x86_64-debian-clang, r-devel-linux-x86_64-debian-gcc, r-devel-linux-x86_64-fedora-clang, r-devel-linux-x86_64-fedora-gcc, r-devel-windows-ix86+x86_64, r-patched-linux-x86_64, r-patched-osx-x86_64, r-patched-solaris-x86, r-release-linux-x86_64, r-release-windows-ix86+x86_64, r-release-osx-x86_64, r-oldrel-windows-ix86+x86_64, r-oldrel-osx-x86_64

Version: 1.1.5
Check: installed package size
Result: NOTE
     installed size is 80.1Mb
     sub-directories of 1Mb or more:
     libs 79.7Mb
Flavors: r-devel-linux-x86_64-fedora-clang, r-devel-windows-ix86+x86_64, r-patched-osx-x86_64, r-release-windows-ix86+x86_64, r-release-osx-x86_64, r-oldrel-windows-ix86+x86_64, r-oldrel-osx-x86_64