CRAN Package Check Results for Package spsurvey

Last updated on 2020-04-25 01:53:19 CEST.

Flavor Version Tinstall Tcheck Ttotal Status Flags
r-devel-linux-x86_64-debian-clang 4.1.2 40.39 246.37 286.76 OK --no-vignettes
r-devel-linux-x86_64-debian-gcc 4.1.2 34.61 182.83 217.44 OK --no-vignettes
r-devel-linux-x86_64-fedora-clang 4.1.2 1028.45 OK
r-devel-linux-x86_64-fedora-gcc 4.1.2 1067.89 OK
r-devel-windows-ix86+x86_64 4.1.2 91.00 316.00 407.00 OK --no-vignettes
r-patched-linux-x86_64 4.1.2 35.44 235.76 271.20 OK --no-vignettes
r-patched-osx-x86_64 4.1.2 WARN
r-patched-solaris-x86 4.1.2 3408.70 NOTE
r-release-linux-x86_64 4.1.2 25.56 217.42 242.98 OK --no-vignettes
r-release-windows-ix86+x86_64 4.1.2 76.00 218.00 294.00 OK --no-vignettes
r-release-osx-x86_64 4.1.2 OK
r-oldrel-windows-ix86+x86_64 4.1.2 44.00 302.00 346.00 OK --no-vignettes
r-oldrel-osx-x86_64 4.1.1 OK

Check Details

Version: 4.1.2
Check: re-building of vignette outputs
Result: WARN
    Error(s) in re-building vignettes:
    --- re-building ‘Area_Analysis.Rmd’ using rmarkdown
    dyld: lazy symbol binding failed: Symbol not found: ____chkstk_darwin
     Referenced from: /usr/local/bin/pandoc (which was built for Mac OS X 10.15)
     Expected in: /usr/lib/libSystem.B.dylib
    
    dyld: Symbol not found: ____chkstk_darwin
     Referenced from: /usr/local/bin/pandoc (which was built for Mac OS X 10.15)
     Expected in: /usr/lib/libSystem.B.dylib
    
    Error: processing vignette 'Area_Analysis.Rmd' failed with diagnostics:
    pandoc document conversion failed with error 6
    --- failed re-building ‘Area_Analysis.Rmd’
    
    --- re-building ‘Area_Design.Rmd’ using rmarkdown
    dyld: lazy symbol binding failed: Symbol not found: ____chkstk_darwin
     Referenced from: /usr/local/bin/pandoc (which was built for Mac OS X 10.15)
     Expected in: /usr/lib/libSystem.B.dylib
    
    dyld: Symbol not found: ____chkstk_darwin
     Referenced from: /usr/local/bin/pandoc (which was built for Mac OS X 10.15)
     Expected in: /usr/lib/libSystem.B.dylib
    
    Error: processing vignette 'Area_Design.Rmd' failed with diagnostics:
    pandoc document conversion failed with error 6
    --- failed re-building ‘Area_Design.Rmd’
    
    --- re-building ‘CDF_Analysis.Rmd’ using rmarkdown
    dyld: lazy symbol binding failed: Symbol not found: ____chkstk_darwin
     Referenced from: /usr/local/bin/pandoc (which was built for Mac OS X 10.15)
     Expected in: /usr/lib/libSystem.B.dylib
    
    dyld: Symbol not found: ____chkstk_darwin
     Referenced from: /usr/local/bin/pandoc (which was built for Mac OS X 10.15)
     Expected in: /usr/lib/libSystem.B.dylib
    
    Error: processing vignette 'CDF_Analysis.Rmd' failed with diagnostics:
    pandoc document conversion failed with error 6
    --- failed re-building ‘CDF_Analysis.Rmd’
    
    --- re-building ‘CDF_Deconvolution.Rmd’ using rmarkdown
    dyld: lazy symbol binding failed: Symbol not found: ____chkstk_darwin
     Referenced from: /usr/local/bin/pandoc (which was built for Mac OS X 10.15)
     Expected in: /usr/lib/libSystem.B.dylib
    
    dyld: Symbol not found: ____chkstk_darwin
     Referenced from: /usr/local/bin/pandoc (which was built for Mac OS X 10.15)
     Expected in: /usr/lib/libSystem.B.dylib
    
    Error: processing vignette 'CDF_Deconvolution.Rmd' failed with diagnostics:
    pandoc document conversion failed with error 6
    --- failed re-building ‘CDF_Deconvolution.Rmd’
    
    --- re-building ‘Change_Analysis.Rmd’ using rmarkdown
    dyld: lazy symbol binding failed: Symbol not found: ____chkstk_darwin
     Referenced from: /usr/local/bin/pandoc (which was built for Mac OS X 10.15)
     Expected in: /usr/lib/libSystem.B.dylib
    
    dyld: Symbol not found: ____chkstk_darwin
     Referenced from: /usr/local/bin/pandoc (which was built for Mac OS X 10.15)
     Expected in: /usr/lib/libSystem.B.dylib
    
    Error: processing vignette 'Change_Analysis.Rmd' failed with diagnostics:
    pandoc document conversion failed with error 6
    --- failed re-building ‘Change_Analysis.Rmd’
    
    --- re-building ‘Finite_Analysis.Rmd’ using rmarkdown
    dyld: lazy symbol binding failed: Symbol not found: ____chkstk_darwin
     Referenced from: /usr/local/bin/pandoc (which was built for Mac OS X 10.15)
     Expected in: /usr/lib/libSystem.B.dylib
    
    dyld: Symbol not found: ____chkstk_darwin
     Referenced from: /usr/local/bin/pandoc (which was built for Mac OS X 10.15)
     Expected in: /usr/lib/libSystem.B.dylib
    
    Error: processing vignette 'Finite_Analysis.Rmd' failed with diagnostics:
    pandoc document conversion failed with error 6
    --- failed re-building ‘Finite_Analysis.Rmd’
    
    --- re-building ‘Finite_Design.Rmd’ using rmarkdown
    dyld: lazy symbol binding failed: Symbol not found: ____chkstk_darwin
     Referenced from: /usr/local/bin/pandoc (which was built for Mac OS X 10.15)
     Expected in: /usr/lib/libSystem.B.dylib
    
    dyld: Symbol not found: ____chkstk_darwin
     Referenced from: /usr/local/bin/pandoc (which was built for Mac OS X 10.15)
     Expected in: /usr/lib/libSystem.B.dylib
    
    Error: processing vignette 'Finite_Design.Rmd' failed with diagnostics:
    pandoc document conversion failed with error 6
    --- failed re-building ‘Finite_Design.Rmd’
    
    --- re-building ‘Linear_Analysis.Rmd’ using rmarkdown
    dyld: lazy symbol binding failed: Symbol not found: ____chkstk_darwin
     Referenced from: /usr/local/bin/pandoc (which was built for Mac OS X 10.15)
     Expected in: /usr/lib/libSystem.B.dylib
    
    dyld: Symbol not found: ____chkstk_darwin
     Referenced from: /usr/local/bin/pandoc (which was built for Mac OS X 10.15)
     Expected in: /usr/lib/libSystem.B.dylib
    
    Error: processing vignette 'Linear_Analysis.Rmd' failed with diagnostics:
    pandoc document conversion failed with error 6
    --- failed re-building ‘Linear_Analysis.Rmd’
    
    --- re-building ‘Linear_Design.Rmd’ using rmarkdown
    dyld: lazy symbol binding failed: Symbol not found: ____chkstk_darwin
     Referenced from: /usr/local/bin/pandoc (which was built for Mac OS X 10.15)
     Expected in: /usr/lib/libSystem.B.dylib
    
    dyld: Symbol not found: ____chkstk_darwin
     Referenced from: /usr/local/bin/pandoc (which was built for Mac OS X 10.15)
     Expected in: /usr/lib/libSystem.B.dylib
    
    Error: processing vignette 'Linear_Design.Rmd' failed with diagnostics:
    pandoc document conversion failed with error 6
    --- failed re-building ‘Linear_Design.Rmd’
    
    --- re-building ‘Risk_Analysis.Rmd’ using rmarkdown
    dyld: lazy symbol binding failed: Symbol not found: ____chkstk_darwin
     Referenced from: /usr/local/bin/pandoc (which was built for Mac OS X 10.15)
     Expected in: /usr/lib/libSystem.B.dylib
    
    dyld: Symbol not found: ____chkstk_darwin
     Referenced from: /usr/local/bin/pandoc (which was built for Mac OS X 10.15)
     Expected in: /usr/lib/libSystem.B.dylib
    
    Error: processing vignette 'Risk_Analysis.Rmd' failed with diagnostics:
    pandoc document conversion failed with error 6
    --- failed re-building ‘Risk_Analysis.Rmd’
    
    SUMMARY: processing the following files failed:
     ‘Area_Analysis.Rmd’ ‘Area_Design.Rmd’ ‘CDF_Analysis.Rmd’
     ‘CDF_Deconvolution.Rmd’ ‘Change_Analysis.Rmd’ ‘Finite_Analysis.Rmd’
     ‘Finite_Design.Rmd’ ‘Linear_Analysis.Rmd’ ‘Linear_Design.Rmd’
     ‘Risk_Analysis.Rmd’
    
    Error: Vignette re-building failed.
    Execution halted
Flavor: r-patched-osx-x86_64

Version: 4.1.2
Check: installed package size
Result: NOTE
     installed size is 5.4Mb
     sub-directories of 1Mb or more:
     doc 2.9Mb
Flavor: r-patched-solaris-x86