Last updated on 2020-04-25 01:53:18 CEST.
Flavor | Version | Tinstall | Tcheck | Ttotal | Status | Flags |
---|---|---|---|---|---|---|
r-devel-linux-x86_64-debian-clang | 0.1.0 | 2.66 | 39.89 | 42.55 | OK | |
r-devel-linux-x86_64-debian-gcc | 0.1.0 | 2.04 | 30.84 | 32.88 | OK | |
r-devel-linux-x86_64-fedora-clang | 0.1.0 | 52.06 | NOTE | |||
r-devel-linux-x86_64-fedora-gcc | 0.1.0 | 49.87 | NOTE | |||
r-devel-windows-ix86+x86_64 | 0.1.0 | 15.00 | 77.00 | 92.00 | OK | |
r-patched-linux-x86_64 | 0.1.0 | 2.88 | 37.96 | 40.84 | OK | |
r-patched-osx-x86_64 | 0.1.0 | WARN | ||||
r-patched-solaris-x86 | 0.1.0 | 72.00 | NOTE | |||
r-release-linux-x86_64 | 0.1.0 | 2.24 | 36.68 | 38.92 | OK | |
r-release-windows-ix86+x86_64 | 0.1.0 | 12.00 | 74.00 | 86.00 | OK | |
r-release-osx-x86_64 | 0.1.0 | NOTE | ||||
r-oldrel-windows-ix86+x86_64 | 0.1.0 | 4.00 | 53.00 | 57.00 | OK | |
r-oldrel-osx-x86_64 | 0.1.0 | NOTE |
Version: 0.1.0
Check: dependencies in R code
Result: NOTE
Namespaces in Imports field not imported from:
‘GGally’ ‘tibble’ ‘webshot’
All declared Imports should be used.
Flavors: r-devel-linux-x86_64-fedora-clang, r-devel-linux-x86_64-fedora-gcc, r-patched-osx-x86_64, r-patched-solaris-x86, r-release-osx-x86_64, r-oldrel-osx-x86_64
Version: 0.1.0
Check: re-building of vignette outputs
Result: WARN
Error(s) in re-building vignettes:
...
--- re-building ‘spinifex_vignette.Rmd’ using rmarkdown
Using width 2.38
dyld: lazy symbol binding failed: Symbol not found: ____chkstk_darwin
Referenced from: /usr/local/bin/pandoc (which was built for Mac OS X 10.15)
Expected in: /usr/lib/libSystem.B.dylib
dyld: Symbol not found: ____chkstk_darwin
Referenced from: /usr/local/bin/pandoc (which was built for Mac OS X 10.15)
Expected in: /usr/lib/libSystem.B.dylib
Error: processing vignette 'spinifex_vignette.Rmd' failed with diagnostics:
pandoc document conversion failed with error 6
--- failed re-building ‘spinifex_vignette.Rmd’
SUMMARY: processing the following file failed:
‘spinifex_vignette.Rmd’
Error: Vignette re-building failed.
Execution halted
Flavor: r-patched-osx-x86_64
Version: 0.1.0
Check: package dependencies
Result: NOTE
Package suggested but not available for checking: ‘gifski’
Flavor: r-patched-solaris-x86