CRAN Package Check Results for Package spinebil

Last updated on 2020-04-25 01:53:18 CEST.

Flavor Version Tinstall Tcheck Ttotal Status Flags
r-devel-linux-x86_64-debian-clang 0.1.0 2.64 23.32 25.96 NOTE
r-devel-linux-x86_64-debian-gcc 0.1.0 2.17 18.70 20.87 NOTE
r-devel-linux-x86_64-fedora-clang 0.1.0 33.42 NOTE
r-devel-linux-x86_64-fedora-gcc 0.1.0 32.11 NOTE
r-devel-windows-ix86+x86_64 0.1.0 11.00 54.00 65.00 OK
r-patched-linux-x86_64 0.1.0 2.48 23.12 25.60 NOTE
r-patched-osx-x86_64 0.1.0 NOTE
r-patched-solaris-x86 0.1.0 47.50 NOTE
r-release-linux-x86_64 0.1.0 1.86 21.68 23.54 NOTE
r-release-windows-ix86+x86_64 0.1.0 10.00 58.00 68.00 OK
r-release-osx-x86_64 0.1.0 OK
r-oldrel-windows-ix86+x86_64 0.1.0 3.00 41.00 44.00 OK
r-oldrel-osx-x86_64 0.1.0 OK

Check Details

Version: 0.1.0
Check: package dependencies
Result: NOTE
    Package suggested but not available for checking: 'mbgraphic'
Flavors: r-devel-linux-x86_64-debian-clang, r-devel-linux-x86_64-debian-gcc, r-devel-linux-x86_64-fedora-clang, r-devel-linux-x86_64-fedora-gcc, r-patched-linux-x86_64, r-patched-osx-x86_64, r-patched-solaris-x86, r-release-linux-x86_64