CRAN Package Check Results for Package spatialwidget

Last updated on 2020-04-25 01:53:18 CEST.

Flavor Version Tinstall Tcheck Ttotal Status Flags
r-devel-linux-x86_64-debian-clang 0.2.2 306.20 31.41 337.61 OK
r-devel-linux-x86_64-debian-gcc 0.2.2 331.04 25.17 356.21 OK
r-devel-linux-x86_64-fedora-clang 0.2.2 460.29 NOTE
r-devel-linux-x86_64-fedora-gcc 0.2.2 769.06 OK
r-devel-windows-ix86+x86_64 0.2.2 713.00 122.00 835.00 NOTE
r-patched-linux-x86_64 0.2.2 360.52 31.12 391.64 OK
r-patched-osx-x86_64 0.2.2 NOTE
r-patched-solaris-x86 0.2.2 398.10 OK
r-release-linux-x86_64 0.2.2 361.13 29.09 390.22 OK
r-release-windows-ix86+x86_64 0.2.2 680.00 80.00 760.00 NOTE
r-release-osx-x86_64 0.2.2 NOTE
r-oldrel-windows-ix86+x86_64 0.2.2 509.00 113.00 622.00 NOTE
r-oldrel-osx-x86_64 0.2.2 NOTE

Check Details

Version: 0.2.2
Check: installed package size
Result: NOTE
     installed size is 33.4Mb
     sub-directories of 1Mb or more:
     doc 1.2Mb
     libs 31.8Mb
Flavors: r-devel-linux-x86_64-fedora-clang, r-devel-windows-ix86+x86_64, r-patched-osx-x86_64, r-release-windows-ix86+x86_64, r-release-osx-x86_64, r-oldrel-windows-ix86+x86_64, r-oldrel-osx-x86_64