CRAN Package Check Results for Package sparkline

Last updated on 2020-04-25 01:53:18 CEST.

Flavor Version Tinstall Tcheck Ttotal Status Flags
r-devel-linux-x86_64-debian-clang 2.0 2.93 28.01 30.94 OK
r-devel-linux-x86_64-debian-gcc 2.0 2.28 22.72 25.00 OK
r-devel-linux-x86_64-fedora-clang 2.0 38.07 OK
r-devel-linux-x86_64-fedora-gcc 2.0 39.47 OK
r-devel-windows-ix86+x86_64 2.0 10.00 66.00 76.00 OK
r-patched-linux-x86_64 2.0 2.78 28.60 31.38 OK
r-patched-osx-x86_64 2.0 WARN
r-patched-solaris-x86 2.0 65.60 WARN
r-release-linux-x86_64 2.0 1.96 27.16 29.12 OK
r-release-windows-ix86+x86_64 2.0 8.00 43.00 51.00 OK
r-release-osx-x86_64 2.0 WARN
r-oldrel-windows-ix86+x86_64 2.0 3.00 60.00 63.00 OK
r-oldrel-osx-x86_64 2.0 WARN

Check Details

Version: 2.0
Check: re-building of vignette outputs
Result: WARN
    Error(s) in re-building vignettes:
     ...
    --- re-building ‘intro_sparkline.Rmd’ using rmarkdown
    dyld: lazy symbol binding failed: Symbol not found: ____chkstk_darwin
     Referenced from: /usr/local/bin/pandoc (which was built for Mac OS X 10.15)
     Expected in: /usr/lib/libSystem.B.dylib
    
    dyld: Symbol not found: ____chkstk_darwin
     Referenced from: /usr/local/bin/pandoc (which was built for Mac OS X 10.15)
     Expected in: /usr/lib/libSystem.B.dylib
    
    Error: processing vignette 'intro_sparkline.Rmd' failed with diagnostics:
    pandoc document conversion failed with error 6
    --- failed re-building ‘intro_sparkline.Rmd’
    
    SUMMARY: processing the following file failed:
     ‘intro_sparkline.Rmd’
    
    Error: Vignette re-building failed.
    Execution halted
Flavor: r-patched-osx-x86_64

Version: 2.0
Check: re-building of vignette outputs
Result: WARN
    Error(s) in re-building vignettes:
     ...
    --- re-building ‘intro_sparkline.Rmd’ using rmarkdown
    Warning in engine$weave(file, quiet = quiet, encoding = enc) :
     Pandoc (>= 1.12.3) and/or pandoc-citeproc not available. Falling back to R Markdown v1.
    Quitting from lines 20-30 (intro_sparkline.Rmd)
    Error: processing vignette 'intro_sparkline.Rmd' failed with diagnostics:
    there is no package called 'webshot'
    --- failed re-building ‘intro_sparkline.Rmd’
    
    SUMMARY: processing the following file failed:
     ‘intro_sparkline.Rmd’
    
    Error: Vignette re-building failed.
    Execution halted
Flavor: r-patched-solaris-x86

Version: 2.0
Check: re-building of vignette outputs
Result: WARN
    Error(s) in re-building vignettes:
     ...
    --- re-building ‘intro_sparkline.Rmd’ using rmarkdown
    Warning in engine$weave(file, quiet = quiet, encoding = enc) :
     Pandoc (>= 1.12.3) and/or pandoc-citeproc not available. Falling back to R Markdown v1.
    PhantomJS not found. You can install it with webshot::install_phantomjs(). If it is installed, please make sure the phantomjs executable can be found via the PATH variable.
    Warning in normalizePath(f2) :
     path[1]="webshot4c28b900111.png": No such file or directory
    Warning in file(con, "rb") :
     cannot open file 'webshot4c28b900111.png': No such file or directory
    Quitting from lines 20-30 (intro_sparkline.Rmd)
    Error: processing vignette 'intro_sparkline.Rmd' failed with diagnostics:
    cannot open the connection
    --- failed re-building ‘intro_sparkline.Rmd’
    
    SUMMARY: processing the following file failed:
     ‘intro_sparkline.Rmd’
    
    Error: Vignette re-building failed.
    Execution halted
Flavor: r-release-osx-x86_64

Version: 2.0
Check: re-building of vignette outputs
Result: WARN
    Error in re-building vignettes:
     ...
    Warning in engine$weave(file, quiet = quiet, encoding = enc) :
     Pandoc (>= 1.12.3) and/or pandoc-citeproc not available. Falling back to R Markdown v1.
    PhantomJS not found. You can install it with webshot::install_phantomjs(). If it is installed, please make sure the phantomjs executable can be found via the PATH variable.
    Warning in normalizePath(f2) :
     path[1]="./webshot10951185c772.png": No such file or directory
    Warning in file(con, "rb") :
     cannot open file './webshot10951185c772.png': No such file or directory
    Quitting from lines 20-30 (intro_sparkline.Rmd)
    Error: processing vignette 'intro_sparkline.Rmd' failed with diagnostics:
    cannot open the connection
    Execution halted
Flavor: r-oldrel-osx-x86_64