CRAN Package Check Results for Package spTDyn

Last updated on 2020-04-25 01:53:19 CEST.

Flavor Version Tinstall Tcheck Ttotal Status Flags
r-devel-linux-x86_64-debian-clang 2.0 17.28 67.81 85.09 OK
r-devel-linux-x86_64-debian-gcc 2.0 13.69 52.79 66.48 OK
r-devel-linux-x86_64-fedora-clang 2.0 103.47 OK
r-devel-linux-x86_64-fedora-gcc 2.0 103.00 OK
r-devel-windows-ix86+x86_64 2.0 50.00 130.00 180.00 OK
r-patched-linux-x86_64 2.0 16.82 67.11 83.93 OK
r-patched-osx-x86_64 2.0 OK
r-patched-solaris-x86 2.0 179.10 OK
r-release-linux-x86_64 2.0 13.17 60.43 73.60 NOTE
r-release-windows-ix86+x86_64 2.0 44.00 85.00 129.00 OK
r-release-osx-x86_64 2.0 OK
r-oldrel-windows-ix86+x86_64 2.0 28.00 124.00 152.00 OK
r-oldrel-osx-x86_64 2.0 OK

Check Details

Version: 2.0
Check: DESCRIPTION meta-information
Result: NOTE
    Dependence on R version ‘3.4.1’ not with patchlevel 0
Flavor: r-release-linux-x86_64