CRAN Package Check Results for Package spNNGP

Last updated on 2020-04-25 01:53:19 CEST.

Flavor Version Tinstall Tcheck Ttotal Status Flags
r-devel-linux-x86_64-debian-clang 0.1.4 15.99 38.84 54.83 OK
r-devel-linux-x86_64-debian-gcc 0.1.4 10.63 30.28 40.91 OK
r-devel-linux-x86_64-fedora-clang 0.1.4 74.96 OK
r-devel-linux-x86_64-fedora-gcc 0.1.4 67.00 OK
r-devel-windows-ix86+x86_64 0.1.4 47.00 95.00 142.00 NOTE
r-patched-linux-x86_64 0.1.4 13.20 38.96 52.16 OK
r-patched-osx-x86_64 0.1.4 OK
r-patched-solaris-x86 0.1.4 106.30 OK
r-release-linux-x86_64 0.1.4 12.73 36.72 49.45 OK
r-release-windows-ix86+x86_64 0.1.4 60.00 73.00 133.00 OK
r-release-osx-x86_64 0.1.4 OK
r-oldrel-windows-ix86+x86_64 0.1.4 31.00 96.00 127.00 OK
r-oldrel-osx-x86_64 0.1.3 OK

Check Details

Version: 0.1.4
Check: installed package size
Result: NOTE
     installed size is 5.4Mb
     sub-directories of 1Mb or more:
     data 3.0Mb
     libs 2.1Mb
Flavor: r-devel-windows-ix86+x86_64