Last updated on 2020-04-25 01:53:18 CEST.
Flavor | Version | Tinstall | Tcheck | Ttotal | Status | Flags |
---|---|---|---|---|---|---|
r-devel-linux-x86_64-debian-clang | 0.2.1 | 85.79 | 124.64 | 210.43 | OK | |
r-devel-linux-x86_64-debian-gcc | 0.2.1 | 65.87 | 101.43 | 167.30 | OK | |
r-devel-linux-x86_64-fedora-clang | 0.2.1 | 274.79 | NOTE | |||
r-devel-linux-x86_64-fedora-gcc | 0.2.1 | 279.36 | OK | |||
r-devel-windows-ix86+x86_64 | 0.2.1 | 208.00 | 242.00 | 450.00 | OK | |
r-patched-linux-x86_64 | 0.2.1 | 74.39 | 126.06 | 200.45 | OK | |
r-patched-osx-x86_64 | 0.2.1 | NOTE | ||||
r-patched-solaris-x86 | 0.2.1 | 339.20 | OK | |||
r-release-linux-x86_64 | 0.2.1 | 74.85 | 116.13 | 190.98 | OK | |
r-release-windows-ix86+x86_64 | 0.2.1 | 172.00 | 163.00 | 335.00 | OK | |
r-release-osx-x86_64 | 0.2.1 | NOTE | ||||
r-oldrel-windows-ix86+x86_64 | 0.2.1 | 114.00 | 220.00 | 334.00 | OK | |
r-oldrel-osx-x86_64 | 0.2.1 | NOTE |
Version: 0.2.1
Check: installed package size
Result: NOTE
installed size is 23.1Mb
sub-directories of 1Mb or more:
libs 22.7Mb
Flavors: r-devel-linux-x86_64-fedora-clang, r-patched-osx-x86_64, r-release-osx-x86_64, r-oldrel-osx-x86_64