CRAN Package Check Results for Package spData

Last updated on 2020-04-25 01:53:18 CEST.

Flavor Version Tinstall Tcheck Ttotal Status Flags
r-devel-linux-x86_64-debian-clang 0.3.5 9.30 88.29 97.59 NOTE
r-devel-linux-x86_64-debian-gcc 0.3.5 9.32 68.94 78.26 NOTE
r-devel-linux-x86_64-fedora-clang 0.3.5 116.59 NOTE
r-devel-linux-x86_64-fedora-gcc 0.3.5 118.04 NOTE
r-devel-windows-ix86+x86_64 0.3.5 26.00 138.00 164.00 NOTE
r-patched-linux-x86_64 0.3.5 11.64 86.68 98.32 NOTE
r-patched-osx-x86_64 0.3.5 NOTE
r-patched-solaris-x86 0.3.5 178.60 NOTE
r-release-linux-x86_64 0.3.5 8.90 79.64 88.54 NOTE
r-release-windows-ix86+x86_64 0.3.5 24.00 93.00 117.00 NOTE
r-release-osx-x86_64 0.3.5 NOTE
r-oldrel-windows-ix86+x86_64 0.3.5 13.00 93.00 106.00 NOTE
r-oldrel-osx-x86_64 0.3.3 NOTE

Check Details

Version: 0.3.5
Check: package dependencies
Result: NOTE
    Package suggested but not available for checking: 'spDataLarge'
Flavors: r-devel-linux-x86_64-debian-clang, r-devel-linux-x86_64-debian-gcc, r-devel-linux-x86_64-fedora-clang, r-devel-linux-x86_64-fedora-gcc, r-devel-windows-ix86+x86_64, r-patched-linux-x86_64, r-patched-osx-x86_64, r-patched-solaris-x86, r-release-linux-x86_64, r-release-windows-ix86+x86_64, r-release-osx-x86_64, r-oldrel-windows-ix86+x86_64

Version: 0.3.5
Check: installed package size
Result: NOTE
     installed size is 6.2Mb
     sub-directories of 1Mb or more:
     data 2.2Mb
     shapes 3.2Mb
Flavors: r-devel-linux-x86_64-fedora-clang, r-devel-windows-ix86+x86_64, r-patched-osx-x86_64, r-patched-solaris-x86, r-release-windows-ix86+x86_64, r-release-osx-x86_64, r-oldrel-windows-ix86+x86_64

Version: 0.3.5
Check: data for non-ASCII characters
Result: NOTE
     Note: found 56 marked UTF-8 strings
Flavors: r-devel-linux-x86_64-fedora-clang, r-devel-linux-x86_64-fedora-gcc, r-patched-osx-x86_64, r-patched-solaris-x86, r-release-osx-x86_64

Version: 0.3.3
Check: package dependencies
Result: NOTE
    Package suggested but not available for checking: ‘spDataLarge’
Flavor: r-oldrel-osx-x86_64

Version: 0.3.3
Check: installed package size
Result: NOTE
     installed size is 6.5Mb
     sub-directories of 1Mb or more:
     data 2.6Mb
     shapes 3.2Mb
Flavor: r-oldrel-osx-x86_64

Version: 0.3.3
Check: data for non-ASCII characters
Result: NOTE
     Note: found 285 marked UTF-8 strings
Flavor: r-oldrel-osx-x86_64