CRAN Package Check Results for Package source.gist

Last updated on 2020-04-25 01:53:18 CEST.

Flavor Version Tinstall Tcheck Ttotal Status Flags
r-devel-linux-x86_64-debian-clang 1.0.0 2.41 22.86 25.27 NOTE
r-devel-linux-x86_64-debian-gcc 1.0.0 1.84 18.50 20.34 NOTE
r-devel-linux-x86_64-fedora-clang 1.0.0 31.60 NOTE
r-devel-linux-x86_64-fedora-gcc 1.0.0 31.60 NOTE
r-devel-windows-ix86+x86_64 1.0.0 8.00 52.00 60.00 OK
r-patched-linux-x86_64 1.0.0 2.55 22.91 25.46 NOTE
r-patched-osx-x86_64 1.0.0 NOTE
r-patched-solaris-x86 1.0.0 49.30 NOTE
r-release-linux-x86_64 1.0.0 2.07 21.03 23.10 NOTE
r-release-windows-ix86+x86_64 1.0.0 5.00 35.00 40.00 OK
r-release-osx-x86_64 1.0.0 NOTE
r-oldrel-windows-ix86+x86_64 1.0.0 2.00 34.00 36.00 OK
r-oldrel-osx-x86_64 1.0.0 NOTE

Check Details

Version: 1.0.0
Check: DESCRIPTION meta-information
Result: NOTE
    License components which are templates and need '+ file LICENSE':
     MIT
Flavors: r-devel-linux-x86_64-debian-clang, r-devel-linux-x86_64-debian-gcc, r-devel-linux-x86_64-fedora-clang, r-devel-linux-x86_64-fedora-gcc, r-patched-linux-x86_64, r-patched-osx-x86_64, r-patched-solaris-x86, r-release-linux-x86_64, r-release-osx-x86_64, r-oldrel-osx-x86_64