CRAN Package Check Results for Package sorvi

Last updated on 2020-04-25 01:53:18 CEST.

Flavor Version Tinstall Tcheck Ttotal Status Flags
r-devel-linux-x86_64-debian-clang 0.7.26 5.37 58.98 64.35 NOTE
r-devel-linux-x86_64-debian-gcc 0.7.26 4.54 44.56 49.10 NOTE
r-devel-linux-x86_64-fedora-clang 0.7.26 80.52 NOTE
r-devel-linux-x86_64-fedora-gcc 0.7.26 80.90 NOTE
r-devel-windows-ix86+x86_64 0.7.26 27.00 126.00 153.00 NOTE
r-patched-linux-x86_64 0.7.26 5.07 55.84 60.91 NOTE
r-patched-osx-x86_64 0.7.26 WARN
r-patched-solaris-x86 0.7.26 118.10 NOTE
r-release-linux-x86_64 0.7.26 4.83 52.29 57.12 NOTE
r-release-windows-ix86+x86_64 0.7.26 20.00 83.00 103.00 NOTE
r-release-osx-x86_64 0.7.26 NOTE
r-oldrel-windows-ix86+x86_64 0.7.26 7.00 85.00 92.00 NOTE
r-oldrel-osx-x86_64 0.7.26 NOTE

Check Details

Version: 0.7.26
Check: R code for possible problems
Result: NOTE
    convert_municipality_names: no visible global function definition for
     'read.csv'
    regression_plot: no visible binding for global variable 'loess'
    regression_plot: no visible global function definition for
     'colorRampPalette'
    regression_plot: no visible global function definition for
     'loess.control'
    regression_plot: no visible global function definition for 'predict'
    regression_plot : <anonymous>: no visible global function definition
     for 'quantile'
    regression_plot : <anonymous>: no visible global function definition
     for 'pnorm'
    regression_plot: no visible global function definition for
     'flush.console'
    regression_plot: no visible global function definition for 'density'
    Undefined global functions or variables:
     colorRampPalette density flush.console loess loess.control pnorm
     predict quantile read.csv
    Consider adding
     importFrom("grDevices", "colorRampPalette")
     importFrom("stats", "density", "loess", "loess.control", "pnorm",
     "predict", "quantile")
     importFrom("utils", "flush.console", "read.csv")
    to your NAMESPACE file.
Flavors: r-devel-linux-x86_64-debian-clang, r-devel-linux-x86_64-debian-gcc, r-devel-linux-x86_64-fedora-clang, r-devel-linux-x86_64-fedora-gcc, r-devel-windows-ix86+x86_64, r-patched-linux-x86_64, r-patched-osx-x86_64, r-patched-solaris-x86, r-release-linux-x86_64, r-release-windows-ix86+x86_64, r-release-osx-x86_64, r-oldrel-windows-ix86+x86_64, r-oldrel-osx-x86_64

Version: 0.7.26
Check: re-building of vignette outputs
Result: WARN
    Error(s) in re-building vignettes:
    --- re-building ‘sorvi_tutorial.Rmd’ using rmarkdown
    sorvi - Tools for Finnish Open Data.
    Copyright (C) 2010-2015 Leo Lahti, Juuso Parkkinen, Juuso Haapanen, Einari Happonen, Jussi Paananen, Joona Lehtomaki ym.
    
    http://github.com/ropengov/sorvi
    
     Hard sciences are successful because they deal with soft problems;
     soft sciences are struggling because they deal with hard problems.
    - Von Foerster
    
    Computing boostrapped smoothers ...
    convert bootstrapped spaghettis to long format
    Computing density estimates for each vertical cut ...
    vertical cross-sectional density estimate
    Tile approach
    Build ggplot figure ...
    dyld: lazy symbol binding failed: Symbol not found: ____chkstk_darwin
     Referenced from: /usr/local/bin/pandoc (which was built for Mac OS X 10.15)
     Expected in: /usr/lib/libSystem.B.dylib
    
    dyld: Symbol not found: ____chkstk_darwin
     Referenced from: /usr/local/bin/pandoc (which was built for Mac OS X 10.15)
     Expected in: /usr/lib/libSystem.B.dylib
    
    Error: processing vignette 'sorvi_tutorial.Rmd' failed with diagnostics:
    pandoc document conversion failed with error 6
    --- failed re-building ‘sorvi_tutorial.Rmd’
    
    --- re-building ‘sorvi.Rnw’ using Sweave
    --- finished re-building ‘sorvi.Rnw’
    
    SUMMARY: processing the following file failed:
     ‘sorvi_tutorial.Rmd’
    
    Error: Vignette re-building failed.
    Execution halted
Flavor: r-patched-osx-x86_64