CRAN Package Check Results for Package soma

Last updated on 2020-04-25 01:53:18 CEST.

Flavor Version Tinstall Tcheck Ttotal Status Flags
r-devel-linux-x86_64-debian-clang 1.1.1 2.01 17.81 19.82 NOTE
r-devel-linux-x86_64-debian-gcc 1.1.1 1.52 14.51 16.03 NOTE
r-devel-linux-x86_64-fedora-clang 1.1.1 25.54 NOTE
r-devel-linux-x86_64-fedora-gcc 1.1.1 25.15 NOTE
r-devel-windows-ix86+x86_64 1.1.1 7.00 46.00 53.00 NOTE
r-patched-linux-x86_64 1.1.1 1.95 17.91 19.86 NOTE
r-patched-osx-x86_64 1.1.1 NOTE
r-patched-solaris-x86 1.1.1 38.80 NOTE
r-release-linux-x86_64 1.1.1 1.38 17.11 18.49 NOTE
r-release-windows-ix86+x86_64 1.1.1 5.00 29.00 34.00 NOTE
r-release-osx-x86_64 1.1.1 NOTE
r-oldrel-windows-ix86+x86_64 1.1.1 2.00 40.00 42.00 NOTE
r-oldrel-osx-x86_64 1.1.1 NOTE

Check Details

Version: 1.1.1
Check: R code for possible problems
Result: NOTE
    soma: no visible global function definition for 'runif'
    Undefined global functions or variables:
     runif
    Consider adding
     importFrom("stats", "runif")
    to your NAMESPACE file.
Flavors: r-devel-linux-x86_64-debian-clang, r-devel-linux-x86_64-debian-gcc, r-devel-linux-x86_64-fedora-clang, r-devel-linux-x86_64-fedora-gcc, r-devel-windows-ix86+x86_64, r-patched-linux-x86_64, r-patched-osx-x86_64, r-patched-solaris-x86

Version: 1.1.1
Check: R code for possible problems
Result: NOTE
    plot.soma: no visible global function definition for ‘plot’
    soma: no visible global function definition for ‘runif’
    Undefined global functions or variables:
     plot runif
    Consider adding
     importFrom("graphics", "plot")
     importFrom("stats", "runif")
    to your NAMESPACE file.
Flavors: r-release-linux-x86_64, r-release-windows-ix86+x86_64, r-release-osx-x86_64, r-oldrel-windows-ix86+x86_64, r-oldrel-osx-x86_64