CRAN Package Check Results for Package sodium

Last updated on 2020-04-25 01:53:18 CEST.

Flavor Version Tinstall Tcheck Ttotal Status Flags
r-devel-linux-x86_64-debian-clang 1.1 4.75 23.22 27.97 OK
r-devel-linux-x86_64-debian-gcc 1.1 3.31 19.21 22.52 OK
r-devel-linux-x86_64-fedora-clang 1.1 37.17 NOTE
r-devel-linux-x86_64-fedora-gcc 1.1 36.23 NOTE
r-devel-windows-ix86+x86_64 1.1 35.00 67.00 102.00 OK
r-patched-linux-x86_64 1.1 3.89 23.65 27.54 OK
r-patched-osx-x86_64 1.1 OK
r-patched-solaris-x86 1.1 50.70 OK
r-release-linux-x86_64 1.1 3.24 22.61 25.85 OK
r-release-windows-ix86+x86_64 1.1 34.00 43.00 77.00 OK
r-release-osx-x86_64 1.1 OK
r-oldrel-windows-ix86+x86_64 1.1 20.00 60.00 80.00 OK
r-oldrel-osx-x86_64 1.1 OK

Check Details

Version: 1.1
Check: top-level files
Result: NOTE
    ‘configure’: /bin/bash is not portable
Flavors: r-devel-linux-x86_64-fedora-clang, r-devel-linux-x86_64-fedora-gcc