CRAN Package Check Results for Package smovie

Last updated on 2020-04-25 01:53:18 CEST.

Flavor Version Tinstall Tcheck Ttotal Status Flags
r-devel-linux-x86_64-debian-clang 1.1.2 9.00 56.25 65.25 OK
r-devel-linux-x86_64-debian-gcc 1.1.2 7.28 44.26 51.54 OK
r-devel-linux-x86_64-fedora-clang 1.1.2 83.76 OK
r-devel-linux-x86_64-fedora-gcc 1.1.2 85.95 OK
r-devel-windows-ix86+x86_64 1.1.2 16.00 83.00 99.00 OK
r-patched-linux-x86_64 1.1.2 9.18 56.70 65.88 OK
r-patched-osx-x86_64 1.1.2 ERROR
r-patched-solaris-x86 1.1.2 115.50 OK
r-release-linux-x86_64 1.1.2 8.16 54.75 62.91 OK
r-release-windows-ix86+x86_64 1.1.2 16.00 60.00 76.00 OK
r-release-osx-x86_64 1.1.2 ERROR
r-oldrel-windows-ix86+x86_64 1.1.2 8.00 83.00 91.00 OK
r-oldrel-osx-x86_64 1.1.2 ERROR

Check Details

Version: 1.1.2
Check: package dependencies
Result: ERROR
    Package required but not available: ‘rpanel’
    
    See section ‘The DESCRIPTION file’ in the ‘Writing R Extensions’
    manual.
Flavors: r-patched-osx-x86_64, r-release-osx-x86_64, r-oldrel-osx-x86_64