CRAN Package Check Results for Package smoof

Last updated on 2020-04-25 01:53:18 CEST.

Flavor Version Tinstall Tcheck Ttotal Status Flags
r-devel-linux-x86_64-debian-clang 1.6.0.2 82.96 90.27 173.23 NOTE
r-devel-linux-x86_64-debian-gcc 1.6.0.2 53.98 68.53 122.51 NOTE
r-devel-linux-x86_64-fedora-clang 1.6.0.2 237.30 NOTE
r-devel-linux-x86_64-fedora-gcc 1.6.0.2 218.25 NOTE
r-devel-windows-ix86+x86_64 1.6.0.2 244.00 198.00 442.00 NOTE
r-patched-linux-x86_64 1.6.0.2 67.60 86.35 153.95 NOTE
r-patched-osx-x86_64 1.6.0.2 OK
r-patched-solaris-x86 1.6.0.2 232.90 NOTE
r-release-linux-x86_64 1.6.0.2 64.61 84.32 148.93 NOTE
r-release-windows-ix86+x86_64 1.6.0.2 229.00 132.00 361.00 NOTE
r-release-osx-x86_64 1.6.0.2 OK
r-oldrel-windows-ix86+x86_64 1.6.0.2 126.00 203.00 329.00 NOTE
r-oldrel-osx-x86_64 1.6.0.2 OK

Check Details

Version: 1.6.0.2
Check: package dependencies
Result: NOTE
    Package suggested but not available for checking: 'rPython'
Flavors: r-devel-linux-x86_64-debian-clang, r-devel-linux-x86_64-debian-gcc, r-devel-linux-x86_64-fedora-clang, r-devel-linux-x86_64-fedora-gcc, r-devel-windows-ix86+x86_64, r-patched-linux-x86_64, r-patched-solaris-x86, r-release-linux-x86_64, r-release-windows-ix86+x86_64, r-oldrel-windows-ix86+x86_64