CRAN Package Check Results for Package smcfcs

Last updated on 2020-04-25 01:53:18 CEST.

Flavor Version Tinstall Tcheck Ttotal Status Flags
r-devel-linux-x86_64-debian-clang 1.4.1 4.23 90.70 94.93 OK
r-devel-linux-x86_64-debian-gcc 1.4.1 3.58 67.80 71.38 OK
r-devel-linux-x86_64-fedora-clang 1.4.1 116.30 OK
r-devel-linux-x86_64-fedora-gcc 1.4.1 118.44 OK
r-devel-windows-ix86+x86_64 1.4.1 11.00 128.00 139.00 OK
r-patched-linux-x86_64 1.4.1 4.39 87.58 91.97 OK
r-patched-osx-x86_64 1.4.1 WARN
r-patched-solaris-x86 1.4.1 153.40 OK
r-release-linux-x86_64 1.4.1 3.93 84.17 88.10 OK
r-release-windows-ix86+x86_64 1.4.1 8.00 87.00 95.00 OK
r-release-osx-x86_64 1.4.1 OK
r-oldrel-windows-ix86+x86_64 1.4.1 4.00 123.00 127.00 OK
r-oldrel-osx-x86_64 1.4.0 OK

Check Details

Version: 1.4.1
Check: re-building of vignette outputs
Result: WARN
    Error(s) in re-building vignettes:
    --- re-building ‘smcfcs-vignette.Rmd’ using rmarkdown
    dyld: lazy symbol binding failed: Symbol not found: ____chkstk_darwin
     Referenced from: /usr/local/bin/pandoc (which was built for Mac OS X 10.15)
     Expected in: /usr/lib/libSystem.B.dylib
    
    dyld: Symbol not found: ____chkstk_darwin
     Referenced from: /usr/local/bin/pandoc (which was built for Mac OS X 10.15)
     Expected in: /usr/lib/libSystem.B.dylib
    
    Error: processing vignette 'smcfcs-vignette.Rmd' failed with diagnostics:
    pandoc document conversion failed with error 6
    --- failed re-building ‘smcfcs-vignette.Rmd’
    
    --- re-building ‘smcfcs_coverror-vignette.Rmd’ using rmarkdown
    dyld: lazy symbol binding failed: Symbol not found: ____chkstk_darwin
     Referenced from: /usr/local/bin/pandoc (which was built for Mac OS X 10.15)
     Expected in: /usr/lib/libSystem.B.dylib
    
    dyld: Symbol not found: ____chkstk_darwin
     Referenced from: /usr/local/bin/pandoc (which was built for Mac OS X 10.15)
     Expected in: /usr/lib/libSystem.B.dylib
    
    Error: processing vignette 'smcfcs_coverror-vignette.Rmd' failed with diagnostics:
    pandoc document conversion failed with error 6
    --- failed re-building ‘smcfcs_coverror-vignette.Rmd’
    
    SUMMARY: processing the following files failed:
     ‘smcfcs-vignette.Rmd’ ‘smcfcs_coverror-vignette.Rmd’
    
    Error: Vignette re-building failed.
    Execution halted
Flavor: r-patched-osx-x86_64