CRAN Package Check Results for Package smacof

Last updated on 2020-04-25 01:53:18 CEST.

Flavor Version Tinstall Tcheck Ttotal Status Flags
r-devel-linux-x86_64-debian-clang 2.1-0 21.99 316.57 338.56 OK
r-devel-linux-x86_64-debian-gcc 2.1-0 17.97 228.47 246.44 OK
r-devel-linux-x86_64-fedora-clang 2.1-0 394.32 NOTE
r-devel-linux-x86_64-fedora-gcc 2.1-0 391.89 NOTE
r-devel-windows-ix86+x86_64 2.1-0 87.00 511.00 598.00 OK
r-patched-linux-x86_64 2.1-0 20.60 294.93 315.53 OK
r-patched-osx-x86_64 2.1-0 NOTE
r-patched-solaris-x86 2.1-0 509.70 NOTE
r-release-linux-x86_64 2.1-0 15.23 276.32 291.55 OK
r-release-windows-ix86+x86_64 2.1-0 54.00 485.00 539.00 OK
r-release-osx-x86_64 2.1-0 NOTE
r-oldrel-windows-ix86+x86_64 2.1-0 28.00 474.00 502.00 OK
r-oldrel-osx-x86_64 2.1-0 NOTE

Check Details

Version: 2.1-0
Check: data for non-ASCII characters
Result: NOTE
     Note: found 15 marked Latin-1 strings
     Note: found 2 marked UTF-8 strings
Flavors: r-devel-linux-x86_64-fedora-clang, r-devel-linux-x86_64-fedora-gcc, r-patched-osx-x86_64, r-patched-solaris-x86, r-release-osx-x86_64, r-oldrel-osx-x86_64