CRAN Package Check Results for Package sm

Last updated on 2020-04-25 01:53:18 CEST.

Flavor Version Tinstall Tcheck Ttotal Status Flags
r-devel-linux-x86_64-debian-clang 2.2-5.6 21.90 88.30 110.20 OK
r-devel-linux-x86_64-debian-gcc 2.2-5.6 16.67 67.64 84.31 OK
r-devel-linux-x86_64-fedora-clang 2.2-5.6 141.35 OK
r-devel-linux-x86_64-fedora-gcc 2.2-5.6 145.85 OK
r-devel-windows-ix86+x86_64 2.2-5.6 36.00 141.00 177.00 OK
r-patched-linux-x86_64 2.2-5.6 21.22 89.11 110.33 OK
r-patched-osx-x86_64 2.2-5.6 ERROR
r-patched-solaris-x86 2.2-5.6 181.40 OK
r-release-linux-x86_64 2.2-5.6 19.82 83.67 103.49 OK
r-release-windows-ix86+x86_64 2.2-5.6 42.00 96.00 138.00 OK
r-release-osx-x86_64 2.2-5.6 ERROR
r-oldrel-windows-ix86+x86_64 2.2-5.6 23.00 121.00 144.00 OK
r-oldrel-osx-x86_64 2.2-5.6 ERROR

Check Details

Version: 2.2-5.6
Check: package dependencies
Result: NOTE
    Packages suggested but not available for checking: 'rgl', 'rpanel'
Flavor: r-patched-osx-x86_64

Version: 2.2-5.6
Check: examples
Result: ERROR
    Running examples in ‘sm-Ex.R’ failed
    The error most likely occurred in:
    
    > ### Name: sm.surface3d
    > ### Title: Adding a regression surface to an rgl plot.
    > ### Aliases: sm.surface3d
    > ### Keywords: nonparametric regression smooth
    >
    > ### ** Examples
    >
    > with(trawl, {
    + Zone93 <- (Year == 1 & Zone == 1)
    + Position <- cbind(Longitude - 143, Latitude)
    + model1 <- sm.regression(Position[Zone93,], Score1[Zone93],
    + h= c(0.1, 0.1), display = "rgl", xlab="Longitude - 143")
    + model2 <- sm.regression(Position[Zone93,], Score1[Zone93],
    + h= c(0.2, 0.2), display = "none")
    + sm.surface3d(model2$eval.points, model2$est, model1$scaling, col = "red")
    + })
    Error in sm.surface3d(model2$eval.points, model2$est, model1$scaling, :
     a scaling must be specified.
    Calls: with -> with.default -> eval -> eval -> sm.surface3d
    Execution halted
Flavors: r-patched-osx-x86_64, r-release-osx-x86_64, r-oldrel-osx-x86_64

Version: 2.2-5.6
Check: package dependencies
Result: NOTE
    Package suggested but not available for checking: ‘rpanel’
Flavors: r-release-osx-x86_64, r-oldrel-osx-x86_64

Version: 2.2-5.6
Check: dependencies in R code
Result: NOTE
    No protocol specified
    No protocol specified
Flavor: r-oldrel-osx-x86_64

Version: 2.2-5.6
Check: S3 generic/method consistency
Result: WARN
    No protocol specified
    No protocol specified
    See section ‘Generic functions and methods’ in the ‘Writing R
    Extensions’ manual.
Flavor: r-oldrel-osx-x86_64

Version: 2.2-5.6
Check: replacement functions
Result: WARN
    No protocol specified
    No protocol specified
    The argument of a replacement function which corresponds to the right
    hand side must be named ‘value’.
Flavor: r-oldrel-osx-x86_64

Version: 2.2-5.6
Check: foreign function calls
Result: NOTE
    No protocol specified
    No protocol specified
    See chapter ‘System and foreign language interfaces’ in the ‘Writing R
    Extensions’ manual.
Flavor: r-oldrel-osx-x86_64

Version: 2.2-5.6
Check: R code for possible problems
Result: NOTE
    No protocol specified
    No protocol specified
Flavor: r-oldrel-osx-x86_64

Version: 2.2-5.6
Check: for missing documentation entries
Result: WARN
    No protocol specified
    No protocol specified
    All user-level objects in a package should have documentation entries.
    See chapter ‘Writing R documentation files’ in the ‘Writing R
    Extensions’ manual.
Flavor: r-oldrel-osx-x86_64

Version: 2.2-5.6
Check: for code/documentation mismatches
Result: WARN
    No protocol specified
    No protocol specified
    No protocol specified
    No protocol specified
    No protocol specified
    No protocol specified
Flavor: r-oldrel-osx-x86_64

Version: 2.2-5.6
Check: Rd \usage sections
Result: NOTE
    No protocol specified
    No protocol specified
    The \usage entries for S3 methods should use the \method markup and not
    their full name.
    See chapter ‘Writing R documentation files’ in the ‘Writing R
    Extensions’ manual.
Flavor: r-oldrel-osx-x86_64