Last updated on 2020-04-25 01:53:18 CEST.
Flavor | Version | Tinstall | Tcheck | Ttotal | Status | Flags |
---|---|---|---|---|---|---|
r-devel-linux-x86_64-debian-clang | 0.1.1 | 2.19 | 87.08 | 89.27 | OK | |
r-devel-linux-x86_64-debian-gcc | 0.1.1 | 1.72 | 75.99 | 77.71 | OK | |
r-devel-linux-x86_64-fedora-clang | 0.1.1 | 128.65 | NOTE | |||
r-devel-linux-x86_64-fedora-gcc | 0.1.1 | 98.89 | NOTE | |||
r-devel-windows-ix86+x86_64 | 0.1.1 | 7.00 | 90.00 | 97.00 | OK | |
r-patched-linux-x86_64 | 0.1.1 | 2.13 | 89.98 | 92.11 | OK | |
r-patched-osx-x86_64 | 0.1.1 | NOTE | ||||
r-patched-solaris-x86 | 0.1.1 | 120.10 | NOTE | |||
r-release-linux-x86_64 | 0.1.1 | 1.74 | 89.53 | 91.27 | OK | |
r-release-windows-ix86+x86_64 | 0.1.1 | 9.00 | 67.00 | 76.00 | OK | |
r-release-osx-x86_64 | 0.1.1 | NOTE | ||||
r-oldrel-windows-ix86+x86_64 | 0.1.1 | 3.00 | 86.00 | 89.00 | OK | |
r-oldrel-osx-x86_64 | 0.1.1 | NOTE |
Version: 0.1.1
Check: data for non-ASCII characters
Result: NOTE
Note: found 2 marked Latin-1 strings
Flavors: r-devel-linux-x86_64-fedora-clang, r-devel-linux-x86_64-fedora-gcc, r-patched-osx-x86_64, r-patched-solaris-x86, r-release-osx-x86_64, r-oldrel-osx-x86_64