CRAN Package Check Results for Package sjlabelled

Last updated on 2020-04-25 01:53:18 CEST.

Flavor Version Tinstall Tcheck Ttotal Status Flags
r-devel-linux-x86_64-debian-clang 1.1.3 5.86 61.93 67.79 OK
r-devel-linux-x86_64-debian-gcc 1.1.3 4.92 47.64 52.56 OK
r-devel-linux-x86_64-fedora-clang 1.1.3 81.68 OK
r-devel-linux-x86_64-fedora-gcc 1.1.3 81.47 OK
r-devel-windows-ix86+x86_64 1.1.3 24.00 115.00 139.00 OK
r-patched-linux-x86_64 1.1.3 6.42 59.77 66.19 OK
r-patched-osx-x86_64 1.1.3 WARN
r-patched-solaris-x86 1.1.3 111.10 OK
r-release-linux-x86_64 1.1.3 4.41 54.88 59.29 OK
r-release-windows-ix86+x86_64 1.1.3 18.00 107.00 125.00 OK
r-release-osx-x86_64 1.1.3 OK
r-oldrel-windows-ix86+x86_64 1.1.3 7.00 68.00 75.00 OK
r-oldrel-osx-x86_64 1.1.3 OK

Check Details

Version: 1.1.3
Check: re-building of vignette outputs
Result: WARN
    Error(s) in re-building vignettes:
    --- re-building ‘intro_sjlabelled.Rmd’ using rmarkdown
    
    Attaching package: 'sjlabelled'
    
    The following objects are masked from 'package:haven':
    
     as_factor, read_sas, read_spss, read_stata, write_sas, zap_labels
    
    
    Attaching package: 'dplyr'
    
    The following object is masked from 'package:sjlabelled':
    
     as_label
    
    The following objects are masked from 'package:stats':
    
     filter, lag
    
    The following objects are masked from 'package:base':
    
     intersect, setdiff, setequal, union
    
    dyld: lazy symbol binding failed: Symbol not found: ____chkstk_darwin
     Referenced from: /usr/local/bin/pandoc (which was built for Mac OS X 10.15)
     Expected in: /usr/lib/libSystem.B.dylib
    
    dyld: Symbol not found: ____chkstk_darwin
     Referenced from: /usr/local/bin/pandoc (which was built for Mac OS X 10.15)
     Expected in: /usr/lib/libSystem.B.dylib
    
    Error: processing vignette 'intro_sjlabelled.Rmd' failed with diagnostics:
    pandoc document conversion failed with error 6
    --- failed re-building ‘intro_sjlabelled.Rmd’
    
    --- re-building ‘labelleddata.Rmd’ using rmarkdown
    dyld: lazy symbol binding failed: Symbol not found: ____chkstk_darwin
     Referenced from: /usr/local/bin/pandoc (which was built for Mac OS X 10.15)
     Expected in: /usr/lib/libSystem.B.dylib
    
    dyld: Symbol not found: ____chkstk_darwin
     Referenced from: /usr/local/bin/pandoc (which was built for Mac OS X 10.15)
     Expected in: /usr/lib/libSystem.B.dylib
    
    Error: processing vignette 'labelleddata.Rmd' failed with diagnostics:
    pandoc document conversion failed with error 6
    --- failed re-building ‘labelleddata.Rmd’
    
    --- re-building ‘quasiquotation.Rmd’ using rmarkdown
    
    Attaching package: 'rlang'
    
    The following object is masked from 'package:sjmisc':
    
     is_empty
    
    The following objects are masked from 'package:sjlabelled':
    
     as_character, as_label
    
    dyld: lazy symbol binding failed: Symbol not found: ____chkstk_darwin
     Referenced from: /usr/local/bin/pandoc (which was built for Mac OS X 10.15)
     Expected in: /usr/lib/libSystem.B.dylib
    
    dyld: Symbol not found: ____chkstk_darwin
     Referenced from: /usr/local/bin/pandoc (which was built for Mac OS X 10.15)
     Expected in: /usr/lib/libSystem.B.dylib
    
    Error: processing vignette 'quasiquotation.Rmd' failed with diagnostics:
    pandoc document conversion failed with error 6
    --- failed re-building ‘quasiquotation.Rmd’
    
    SUMMARY: processing the following files failed:
     ‘intro_sjlabelled.Rmd’ ‘labelleddata.Rmd’ ‘quasiquotation.Rmd’
    
    Error: Vignette re-building failed.
    Execution halted
Flavor: r-patched-osx-x86_64