Last updated on 2020-04-25 01:53:17 CEST.
Flavor | Version | Tinstall | Tcheck | Ttotal | Status | Flags |
---|---|---|---|---|---|---|
r-devel-linux-x86_64-debian-clang | 1.0.5 | 6.89 | 43.86 | 50.75 | OK | |
r-devel-linux-x86_64-debian-gcc | 1.0.5 | 6.45 | 33.92 | 40.37 | OK | |
r-devel-linux-x86_64-fedora-clang | 1.0.5 | 65.22 | OK | |||
r-devel-linux-x86_64-fedora-gcc | 1.0.5 | 62.58 | OK | |||
r-devel-windows-ix86+x86_64 | 1.0.5 | 20.00 | 77.00 | 97.00 | OK | |
r-patched-linux-x86_64 | 1.0.5 | 7.16 | 43.09 | 50.25 | OK | |
r-patched-osx-x86_64 | 1.0.5 | ERROR | ||||
r-release-linux-x86_64 | 1.0.5 | 6.25 | 39.29 | 45.54 | OK | |
r-release-windows-ix86+x86_64 | 1.0.5 | 15.00 | 53.00 | 68.00 | OK | |
r-release-osx-x86_64 | 1.0.5 | OK | ||||
r-oldrel-windows-ix86+x86_64 | 1.0.5 | 8.00 | 80.00 | 88.00 | OK | |
r-oldrel-osx-x86_64 | 1.0.5 | OK |
Version: 1.0.5
Check: package dependencies
Result: ERROR
Package required but not available: ‘SNPRelate’
See section ‘The DESCRIPTION file’ in the ‘Writing R Extensions’
manual.
Flavor: r-patched-osx-x86_64