CRAN Package Check Results for Package simmr

Last updated on 2020-04-25 01:53:17 CEST.

Flavor Version Tinstall Tcheck Ttotal Status Flags
r-devel-linux-x86_64-debian-clang 0.4.1 7.79 299.30 307.09 OK
r-devel-linux-x86_64-debian-gcc 0.4.1 6.58 219.37 225.95 OK
r-devel-linux-x86_64-fedora-clang 0.4.1 381.96 OK
r-devel-linux-x86_64-fedora-gcc 0.4.1 355.95 OK
r-devel-windows-ix86+x86_64 0.4.1 35.00 429.00 464.00 OK
r-patched-linux-x86_64 0.4.1 7.75 288.18 295.93 OK
r-patched-osx-x86_64 0.4.1 WARN
r-patched-solaris-x86 0.4.1 1009.90 OK
r-release-linux-x86_64 0.4.1 6.76 289.10 295.86 OK
r-release-windows-ix86+x86_64 0.4.1 23.00 335.00 358.00 OK
r-release-osx-x86_64 0.4.1 OK
r-oldrel-windows-ix86+x86_64 0.4.1 9.00 438.00 447.00 OK
r-oldrel-osx-x86_64 0.4.1 OK

Check Details

Version: 0.4.1
Check: re-building of vignette outputs
Result: WARN
    Error(s) in re-building vignettes:
    --- re-building ‘quick_start.Rmd’ using rmarkdown
    Loading required package: R2jags
    Loading required package: rjags
    Loading required package: coda
    Linked to JAGS 4.3.0
    Loaded modules: basemod,bugs
    
    Attaching package: 'R2jags'
    
    The following object is masked from 'package:coda':
    
     traceplot
    
    Loading required package: ggplot2
    module glm loaded
    dyld: lazy symbol binding failed: Symbol not found: ____chkstk_darwin
     Referenced from: /usr/local/bin/pandoc (which was built for Mac OS X 10.15)
     Expected in: /usr/lib/libSystem.B.dylib
    
    dyld: Symbol not found: ____chkstk_darwin
     Referenced from: /usr/local/bin/pandoc (which was built for Mac OS X 10.15)
     Expected in: /usr/lib/libSystem.B.dylib
    
    Error: processing vignette 'quick_start.Rmd' failed with diagnostics:
    pandoc document conversion failed with error 6
    --- failed re-building ‘quick_start.Rmd’
    
    --- re-building ‘simmr.Rmd’ using rmarkdown
    dyld: lazy symbol binding failed: Symbol not found: ____chkstk_darwin
     Referenced from: /usr/local/bin/pandoc (which was built for Mac OS X 10.15)
     Expected in: /usr/lib/libSystem.B.dylib
    
    dyld: Symbol not found: ____chkstk_darwin
     Referenced from: /usr/local/bin/pandoc (which was built for Mac OS X 10.15)
     Expected in: /usr/lib/libSystem.B.dylib
    
    Error: processing vignette 'simmr.Rmd' failed with diagnostics:
    pandoc document conversion failed with error 6
    --- failed re-building ‘simmr.Rmd’
    
    SUMMARY: processing the following files failed:
     ‘quick_start.Rmd’ ‘simmr.Rmd’
    
    Error: Vignette re-building failed.
    Execution halted
Flavor: r-patched-osx-x86_64