CRAN Package Check Results for Package simhelpers

Last updated on 2020-04-25 01:53:17 CEST.

Flavor Version Tinstall Tcheck Ttotal Status Flags
r-devel-linux-x86_64-debian-clang 0.1.0 5.61 147.64 153.25 OK
r-devel-linux-x86_64-debian-gcc 0.1.0 4.51 114.15 118.66 OK
r-devel-linux-x86_64-fedora-clang 0.1.0 174.08 NOTE
r-devel-linux-x86_64-fedora-gcc 0.1.0 175.88 NOTE
r-devel-windows-ix86+x86_64 0.1.0 26.00 313.00 339.00 OK
r-patched-linux-x86_64 0.1.0 5.54 142.44 147.98 OK
r-patched-osx-x86_64 0.1.0 WARN
r-patched-solaris-x86 0.1.0 511.00 NOTE
r-release-linux-x86_64 0.1.0 4.23 130.84 135.07 OK
r-release-windows-ix86+x86_64 0.1.0 19.00 279.00 298.00 OK
r-release-osx-x86_64 0.1.0 NOTE
r-oldrel-windows-ix86+x86_64 0.1.0 7.00 221.00 228.00 OK

Check Details

Version: 0.1.0
Check: dependencies in R code
Result: NOTE
    Namespaces in Imports field not imported from:
     ‘future’ ‘magrittr’ ‘purrr’ ‘rlang’ ‘utils’
     All declared Imports should be used.
Flavors: r-devel-linux-x86_64-fedora-clang, r-devel-linux-x86_64-fedora-gcc, r-patched-osx-x86_64, r-patched-solaris-x86, r-release-osx-x86_64

Version: 0.1.0
Check: re-building of vignette outputs
Result: WARN
    Error(s) in re-building vignettes:
    --- re-building ‘MCSE.Rmd’ using rmarkdown
    
    Attaching package: 'dplyr'
    
    The following objects are masked from 'package:stats':
    
     filter, lag
    
    The following objects are masked from 'package:base':
    
     intersect, setdiff, setequal, union
    
    
    Attaching package: 'kableExtra'
    
    The following object is masked from 'package:dplyr':
    
     group_rows
    
    dyld: lazy symbol binding failed: Symbol not found: ____chkstk_darwin
     Referenced from: /usr/local/bin/pandoc (which was built for Mac OS X 10.15)
     Expected in: /usr/lib/libSystem.B.dylib
    
    dyld: Symbol not found: ____chkstk_darwin
     Referenced from: /usr/local/bin/pandoc (which was built for Mac OS X 10.15)
     Expected in: /usr/lib/libSystem.B.dylib
    
    Error: processing vignette 'MCSE.Rmd' failed with diagnostics:
    pandoc document conversion failed with error 6
    --- failed re-building ‘MCSE.Rmd’
    
    --- re-building ‘simulation_workflow.Rmd’ using rmarkdown
    
    Attaching package: 'dplyr'
    
    The following objects are masked from 'package:stats':
    
     filter, lag
    
    The following objects are masked from 'package:base':
    
     intersect, setdiff, setequal, union
    
    
    Attaching package: 'kableExtra'
    
    The following object is masked from 'package:dplyr':
    
     group_rows
    
    dyld: lazy symbol binding failed: Symbol not found: ____chkstk_darwin
     Referenced from: /usr/local/bin/pandoc (which was built for Mac OS X 10.15)
     Expected in: /usr/lib/libSystem.B.dylib
    
    dyld: Symbol not found: ____chkstk_darwin
     Referenced from: /usr/local/bin/pandoc (which was built for Mac OS X 10.15)
     Expected in: /usr/lib/libSystem.B.dylib
    
    Error: processing vignette 'simulation_workflow.Rmd' failed with diagnostics:
    pandoc document conversion failed with error 6
    --- failed re-building ‘simulation_workflow.Rmd’
    
    --- re-building ‘visualization.Rmd’ using rmarkdown
    
    Attaching package: 'dplyr'
    
    The following objects are masked from 'package:stats':
    
     filter, lag
    
    The following objects are masked from 'package:base':
    
     intersect, setdiff, setequal, union
    
    
    Attaching package: 'kableExtra'
    
    The following object is masked from 'package:dplyr':
    
     group_rows
    
    dyld: lazy symbol binding failed: Symbol not found: ____chkstk_darwin
     Referenced from: /usr/local/bin/pandoc (which was built for Mac OS X 10.15)
     Expected in: /usr/lib/libSystem.B.dylib
    
    dyld: Symbol not found: ____chkstk_darwin
     Referenced from: /usr/local/bin/pandoc (which was built for Mac OS X 10.15)
     Expected in: /usr/lib/libSystem.B.dylib
    
    Error: processing vignette 'visualization.Rmd' failed with diagnostics:
    pandoc document conversion failed with error 6
    --- failed re-building ‘visualization.Rmd’
    
    SUMMARY: processing the following files failed:
     ‘MCSE.Rmd’ ‘simulation_workflow.Rmd’ ‘visualization.Rmd’
    
    Error: Vignette re-building failed.
    Execution halted
Flavor: r-patched-osx-x86_64