CRAN Package Check Results for Package simglm

Last updated on 2020-04-25 01:53:17 CEST.

Flavor Version Tinstall Tcheck Ttotal Status Flags
r-devel-linux-x86_64-debian-clang 0.7.4 13.62 343.78 357.40 OK
r-devel-linux-x86_64-debian-gcc 0.7.4 11.81 264.19 276.00 OK
r-devel-linux-x86_64-fedora-clang 0.7.4 419.54 OK
r-devel-linux-x86_64-fedora-gcc 0.7.4 427.66 OK
r-devel-windows-ix86+x86_64 0.7.4 46.00 461.00 507.00 OK
r-patched-linux-x86_64 0.7.4 13.73 341.15 354.88 OK
r-patched-osx-x86_64 0.7.4 WARN
r-patched-solaris-x86 0.7.4 594.90 OK
r-release-linux-x86_64 0.7.4 11.25 315.49 326.74 OK
r-release-windows-ix86+x86_64 0.7.4 37.00 426.00 463.00 OK
r-release-osx-x86_64 0.7.4 OK
r-oldrel-windows-ix86+x86_64 0.7.4 16.00 331.00 347.00 OK
r-oldrel-osx-x86_64 0.7.4 OK

Check Details

Version: 0.7.4
Check: re-building of vignette outputs
Result: WARN
    Error(s) in re-building vignettes:
    --- re-building ‘GeneralizedModels_legacy.Rmd’ using rmarkdown
    dyld: lazy symbol binding failed: Symbol not found: ____chkstk_darwin
     Referenced from: /usr/local/bin/pandoc (which was built for Mac OS X 10.15)
     Expected in: /usr/lib/libSystem.B.dylib
    
    dyld: Symbol not found: ____chkstk_darwin
     Referenced from: /usr/local/bin/pandoc (which was built for Mac OS X 10.15)
     Expected in: /usr/lib/libSystem.B.dylib
    
    Error: processing vignette 'GeneralizedModels_legacy.Rmd' failed with diagnostics:
    pandoc document conversion failed with error 6
    --- failed re-building ‘GeneralizedModels_legacy.Rmd’
    
    --- re-building ‘Intro_legacy.Rmd’ using rmarkdown
    dyld: lazy symbol binding failed: Symbol not found: ____chkstk_darwin
     Referenced from: /usr/local/bin/pandoc (which was built for Mac OS X 10.15)
     Expected in: /usr/lib/libSystem.B.dylib
    
    dyld: Symbol not found: ____chkstk_darwin
     Referenced from: /usr/local/bin/pandoc (which was built for Mac OS X 10.15)
     Expected in: /usr/lib/libSystem.B.dylib
    
    Error: processing vignette 'Intro_legacy.Rmd' failed with diagnostics:
    pandoc document conversion failed with error 6
    --- failed re-building ‘Intro_legacy.Rmd’
    
    --- re-building ‘Power_legacy.Rmd’ using rmarkdown
    dyld: lazy symbol binding failed: Symbol not found: ____chkstk_darwin
     Referenced from: /usr/local/bin/pandoc (which was built for Mac OS X 10.15)
     Expected in: /usr/lib/libSystem.B.dylib
    
    dyld: Symbol not found: ____chkstk_darwin
     Referenced from: /usr/local/bin/pandoc (which was built for Mac OS X 10.15)
     Expected in: /usr/lib/libSystem.B.dylib
    
    Error: processing vignette 'Power_legacy.Rmd' failed with diagnostics:
    pandoc document conversion failed with error 6
    --- failed re-building ‘Power_legacy.Rmd’
    
    --- re-building ‘simulation_arguments.Rmd’ using rmarkdown
    dyld: lazy symbol binding failed: Symbol not found: ____chkstk_darwin
     Referenced from: /usr/local/bin/pandoc (which was built for Mac OS X 10.15)
     Expected in: /usr/lib/libSystem.B.dylib
    
    dyld: Symbol not found: ____chkstk_darwin
     Referenced from: /usr/local/bin/pandoc (which was built for Mac OS X 10.15)
     Expected in: /usr/lib/libSystem.B.dylib
    
    Error: processing vignette 'simulation_arguments.Rmd' failed with diagnostics:
    pandoc document conversion failed with error 6
    --- failed re-building ‘simulation_arguments.Rmd’
    
    --- re-building ‘tidy_simulation.Rmd’ using rmarkdown
    dyld: lazy symbol binding failed: Symbol not found: ____chkstk_darwin
     Referenced from: /usr/local/bin/pandoc (which was built for Mac OS X 10.15)
     Expected in: /usr/lib/libSystem.B.dylib
    
    dyld: Symbol not found: ____chkstk_darwin
     Referenced from: /usr/local/bin/pandoc (which was built for Mac OS X 10.15)
     Expected in: /usr/lib/libSystem.B.dylib
    
    Error: processing vignette 'tidy_simulation.Rmd' failed with diagnostics:
    pandoc document conversion failed with error 6
    --- failed re-building ‘tidy_simulation.Rmd’
    
    --- re-building ‘unbalanced_legacy.Rmd’ using rmarkdown
    dyld: lazy symbol binding failed: Symbol not found: ____chkstk_darwin
     Referenced from: /usr/local/bin/pandoc (which was built for Mac OS X 10.15)
     Expected in: /usr/lib/libSystem.B.dylib
    
    dyld: Symbol not found: ____chkstk_darwin
     Referenced from: /usr/local/bin/pandoc (which was built for Mac OS X 10.15)
     Expected in: /usr/lib/libSystem.B.dylib
    
    Error: processing vignette 'unbalanced_legacy.Rmd' failed with diagnostics:
    pandoc document conversion failed with error 6
    --- failed re-building ‘unbalanced_legacy.Rmd’
    
    SUMMARY: processing the following files failed:
     ‘GeneralizedModels_legacy.Rmd’ ‘Intro_legacy.Rmd’ ‘Power_legacy.Rmd’
     ‘simulation_arguments.Rmd’ ‘tidy_simulation.Rmd’
     ‘unbalanced_legacy.Rmd’
    
    Error: Vignette re-building failed.
    Execution halted
Flavor: r-patched-osx-x86_64