CRAN Package Check Results for Package simPATHy

Last updated on 2020-04-25 01:53:17 CEST.

Flavor Version Tinstall Tcheck Ttotal Status Flags
r-devel-linux-x86_64-debian-clang 0.4 4.84 71.08 75.92 OK
r-devel-linux-x86_64-debian-gcc 0.4 3.83 56.34 60.17 OK
r-devel-linux-x86_64-fedora-clang 0.4 103.84 OK
r-devel-linux-x86_64-fedora-gcc 0.4 100.16 OK
r-devel-windows-ix86+x86_64 0.4 23.00 120.00 143.00 OK
r-patched-linux-x86_64 0.4 4.47 70.07 74.54 OK
r-patched-osx-x86_64 0.4 ERROR
r-patched-solaris-x86 0.4 131.20 WARN
r-release-linux-x86_64 0.4 2.23 63.19 65.42 OK
r-release-windows-ix86+x86_64 0.4 14.00 84.00 98.00 OK
r-release-osx-x86_64 0.4 WARN
r-oldrel-windows-ix86+x86_64 0.4 5.00 110.00 115.00 OK
r-oldrel-osx-x86_64 0.4 ERROR

Check Details

Version: 0.4
Check: package dependencies
Result: ERROR
    Package required but not available: ‘qpgraph’
    
    Packages suggested but not available for checking: 'clipper', 'topologyGSA'
    
    See section ‘The DESCRIPTION file’ in the ‘Writing R Extensions’
    manual.
Flavor: r-patched-osx-x86_64

Version: 0.4
Check: package dependencies
Result: NOTE
    Package suggested but not available for checking: ‘clipper’
Flavor: r-patched-solaris-x86

Version: 0.4
Check: installed package size
Result: NOTE
     installed size is 5.1Mb
     sub-directories of 1Mb or more:
     data 2.0Mb
     doc 2.7Mb
Flavor: r-patched-solaris-x86

Version: 0.4
Check: re-building of vignette outputs
Result: WARN
    Error(s) in re-building vignettes:
     ...
    --- re-building ‘simPATHy.Rmd’ using rmarkdown
    Warning in engine$weave(file, quiet = quiet, encoding = enc) :
     Pandoc (>= 1.12.3) and/or pandoc-citeproc not available. Falling back to R Markdown v1.
    Quitting from lines 263-269 (simPATHy.Rmd)
    Error: processing vignette 'simPATHy.Rmd' failed with diagnostics:
    there is no package called 'clipper'
    --- failed re-building ‘simPATHy.Rmd’
    
    SUMMARY: processing the following file failed:
     ‘simPATHy.Rmd’
    
    Error: Vignette re-building failed.
    Execution halted
Flavor: r-patched-solaris-x86

Version: 0.4
Check: package dependencies
Result: NOTE
    Package suggested but not available for checking: ‘topologyGSA’
Flavor: r-release-osx-x86_64

Version: 0.4
Check: re-building of vignette outputs
Result: WARN
    Error(s) in re-building vignettes:
     ...
    --- re-building ‘simPATHy.Rmd’ using rmarkdown
    Warning in engine$weave(file, quiet = quiet, encoding = enc) :
     Pandoc (>= 1.12.3) and/or pandoc-citeproc not available. Falling back to R Markdown v1.
    Quitting from lines 252-258 (simPATHy.Rmd)
    Error: processing vignette 'simPATHy.Rmd' failed with diagnostics:
    there is no package called 'topologyGSA'
    --- failed re-building ‘simPATHy.Rmd’
    
    SUMMARY: processing the following file failed:
     ‘simPATHy.Rmd’
    
    Error: Vignette re-building failed.
    Execution halted
Flavor: r-release-osx-x86_64

Version: 0.4
Check: package dependencies
Result: ERROR
    Package required but not available: ‘qpgraph’
    
    Packages suggested but not available for checking: ‘clipper’ ‘topologyGSA’
    
    See section ‘The DESCRIPTION file’ in the ‘Writing R Extensions’
    manual.
Flavor: r-oldrel-osx-x86_64