CRAN Package Check Results for Package silicate

Last updated on 2020-04-25 01:53:17 CEST.

Flavor Version Tinstall Tcheck Ttotal Status Flags
r-devel-linux-x86_64-debian-clang 0.4.0 7.65 86.06 93.71 NOTE
r-devel-linux-x86_64-debian-gcc 0.4.0 6.62 65.52 72.14 OK
r-devel-linux-x86_64-fedora-clang 0.4.0 112.77 OK
r-devel-linux-x86_64-fedora-gcc 0.4.0 111.00 OK
r-devel-windows-ix86+x86_64 0.4.0 29.00 118.00 147.00 OK
r-patched-linux-x86_64 0.4.0 6.96 82.97 89.93 OK
r-patched-osx-x86_64 0.4.0 OK
r-patched-solaris-x86 0.4.0 155.30 OK
r-release-linux-x86_64 0.4.0 6.14 76.57 82.71 OK
r-release-windows-ix86+x86_64 0.4.0 22.00 128.00 150.00 OK
r-release-osx-x86_64 0.4.0 OK
r-oldrel-windows-ix86+x86_64 0.4.0 9.00 94.00 103.00 OK
r-oldrel-osx-x86_64 0.3.0 OK

Check Details

Version: 0.4.0
Check: package dependencies
Result: NOTE
    Package suggested but not available for checking: 'vdiffr'
Flavor: r-devel-linux-x86_64-debian-clang