CRAN Package Check Results for Package shutterstock

Last updated on 2020-04-25 01:53:17 CEST.

Flavor Version Tinstall Tcheck Ttotal Status Flags
r-devel-linux-x86_64-debian-clang 0.1.0 2.77 30.09 32.86 OK
r-devel-linux-x86_64-debian-gcc 0.1.0 2.28 23.92 26.20 OK
r-devel-linux-x86_64-fedora-clang 0.1.0 40.81 OK
r-devel-linux-x86_64-fedora-gcc 0.1.0 40.99 OK
r-devel-windows-ix86+x86_64 0.1.0 11.00 51.00 62.00 OK
r-patched-linux-x86_64 0.1.0 2.62 29.89 32.51 OK
r-patched-osx-x86_64 0.1.0 WARN
r-patched-solaris-x86 0.1.0 58.50 OK
r-release-linux-x86_64 0.1.0 2.44 28.01 30.45 OK
r-release-windows-ix86+x86_64 0.1.0 7.00 44.00 51.00 OK
r-release-osx-x86_64 0.1.0 OK
r-oldrel-windows-ix86+x86_64 0.1.0 3.00 76.00 79.00 OK
r-oldrel-osx-x86_64 0.1.0 OK

Check Details

Version: 0.1.0
Check: re-building of vignette outputs
Result: WARN
    Error(s) in re-building vignettes:
     ...
    --- re-building ‘oauth-authentication.Rmd’ using rmarkdown
    dyld: lazy symbol binding failed: Symbol not found: ____chkstk_darwin
     Referenced from: /usr/local/bin/pandoc (which was built for Mac OS X 10.15)
     Expected in: /usr/lib/libSystem.B.dylib
    
    dyld: Symbol not found: ____chkstk_darwin
     Referenced from: /usr/local/bin/pandoc (which was built for Mac OS X 10.15)
     Expected in: /usr/lib/libSystem.B.dylib
    
    Error: processing vignette 'oauth-authentication.Rmd' failed with diagnostics:
    pandoc document conversion failed with error 6
    --- failed re-building ‘oauth-authentication.Rmd’
    
    SUMMARY: processing the following file failed:
     ‘oauth-authentication.Rmd’
    
    Error: Vignette re-building failed.
    Execution halted
Flavor: r-patched-osx-x86_64