CRAN Package Check Results for Package shinyrecap

Last updated on 2020-04-25 01:53:17 CEST.

Flavor Version Tinstall Tcheck Ttotal Status Flags
r-devel-linux-x86_64-debian-clang 0.1.0 2.25 29.15 31.40 OK
r-devel-linux-x86_64-debian-gcc 0.1.0 1.96 22.25 24.21 OK
r-devel-linux-x86_64-fedora-clang 0.1.0 37.86 NOTE
r-devel-linux-x86_64-fedora-gcc 0.1.0 37.47 NOTE
r-devel-windows-ix86+x86_64 0.1.0 13.00 48.00 61.00 OK
r-patched-linux-x86_64 0.1.0 2.16 28.51 30.67 OK
r-patched-osx-x86_64 0.1.0 NOTE
r-patched-solaris-x86 0.1.0 53.80 NOTE
r-release-linux-x86_64 0.1.0 1.88 26.49 28.37 OK
r-release-windows-ix86+x86_64 0.1.0 11.00 40.00 51.00 OK
r-release-osx-x86_64 0.1.0 NOTE
r-oldrel-windows-ix86+x86_64 0.1.0 3.00 43.00 46.00 OK
r-oldrel-osx-x86_64 0.1.0 NOTE

Check Details

Version: 0.1.0
Check: dependencies in R code
Result: NOTE
    Namespaces in Imports field not imported from:
     ‘CARE1’ ‘LCMCR’ ‘coda’ ‘conting’ ‘dga’ ‘future’ ‘ggplot2’ ‘ipc’
     ‘promises’ ‘reshape’ ‘shinycssloaders’ ‘testthat’
     All declared Imports should be used.
Flavors: r-devel-linux-x86_64-fedora-clang, r-devel-linux-x86_64-fedora-gcc, r-patched-osx-x86_64, r-patched-solaris-x86, r-release-osx-x86_64, r-oldrel-osx-x86_64