CRAN Package Check Results for Package shinyjs

Last updated on 2020-04-25 01:53:17 CEST.

Flavor Version Tinstall Tcheck Ttotal Status Flags
r-devel-linux-x86_64-debian-clang 1.1 3.21 32.83 36.04 OK
r-devel-linux-x86_64-debian-gcc 1.1 2.17 25.94 28.11 OK
r-devel-linux-x86_64-fedora-clang 1.1 42.25 NOTE
r-devel-linux-x86_64-fedora-gcc 1.1 42.60 NOTE
r-devel-windows-ix86+x86_64 1.1 13.00 58.00 71.00 OK
r-patched-linux-x86_64 1.1 2.56 32.63 35.19 OK
r-patched-osx-x86_64 1.1 WARN
r-patched-solaris-x86 1.1 59.50 NOTE
r-release-linux-x86_64 1.1 2.41 30.62 33.03 OK
r-release-windows-ix86+x86_64 1.1 7.00 52.00 59.00 OK
r-release-osx-x86_64 1.1 NOTE
r-oldrel-windows-ix86+x86_64 1.1 3.00 70.00 73.00 OK
r-oldrel-osx-x86_64 1.1 NOTE

Check Details

Version: 1.1
Check: dependencies in R code
Result: NOTE
    Namespace in Imports field not imported from: ‘htmltools’
     All declared Imports should be used.
Flavors: r-devel-linux-x86_64-fedora-clang, r-devel-linux-x86_64-fedora-gcc, r-patched-osx-x86_64, r-patched-solaris-x86, r-release-osx-x86_64, r-oldrel-osx-x86_64

Version: 1.1
Check: re-building of vignette outputs
Result: WARN
    Error(s) in re-building vignettes:
    --- re-building ‘shinyjs-example.Rmd’ using rmarkdown
    dyld: lazy symbol binding failed: Symbol not found: ____chkstk_darwin
     Referenced from: /usr/local/bin/pandoc (which was built for Mac OS X 10.15)
     Expected in: /usr/lib/libSystem.B.dylib
    
    dyld: Symbol not found: ____chkstk_darwin
     Referenced from: /usr/local/bin/pandoc (which was built for Mac OS X 10.15)
     Expected in: /usr/lib/libSystem.B.dylib
    
    Error: processing vignette 'shinyjs-example.Rmd' failed with diagnostics:
    pandoc document conversion failed with error 6
    --- failed re-building ‘shinyjs-example.Rmd’
    
    --- re-building ‘shinyjs-extend.Rmd’ using rmarkdown
    dyld: lazy symbol binding failed: Symbol not found: ____chkstk_darwin
     Referenced from: /usr/local/bin/pandoc (which was built for Mac OS X 10.15)
     Expected in: /usr/lib/libSystem.B.dylib
    
    dyld: Symbol not found: ____chkstk_darwin
     Referenced from: /usr/local/bin/pandoc (which was built for Mac OS X 10.15)
     Expected in: /usr/lib/libSystem.B.dylib
    
    Error: processing vignette 'shinyjs-extend.Rmd' failed with diagnostics:
    pandoc document conversion failed with error 6
    --- failed re-building ‘shinyjs-extend.Rmd’
    
    --- re-building ‘shinyjs-usage.Rmd’ using rmarkdown
    dyld: lazy symbol binding failed: Symbol not found: ____chkstk_darwin
     Referenced from: /usr/local/bin/pandoc (which was built for Mac OS X 10.15)
     Expected in: /usr/lib/libSystem.B.dylib
    
    dyld: Symbol not found: ____chkstk_darwin
     Referenced from: /usr/local/bin/pandoc (which was built for Mac OS X 10.15)
     Expected in: /usr/lib/libSystem.B.dylib
    
    Error: processing vignette 'shinyjs-usage.Rmd' failed with diagnostics:
    pandoc document conversion failed with error 6
    --- failed re-building ‘shinyjs-usage.Rmd’
    
    --- re-building ‘shinyjs.Rmd’ using rmarkdown
    dyld: lazy symbol binding failed: Symbol not found: ____chkstk_darwin
     Referenced from: /usr/local/bin/pandoc (which was built for Mac OS X 10.15)
     Expected in: /usr/lib/libSystem.B.dylib
    
    dyld: Symbol not found: ____chkstk_darwin
     Referenced from: /usr/local/bin/pandoc (which was built for Mac OS X 10.15)
     Expected in: /usr/lib/libSystem.B.dylib
    
    Error: processing vignette 'shinyjs.Rmd' failed with diagnostics:
    pandoc document conversion failed with error 6
    --- failed re-building ‘shinyjs.Rmd’
    
    SUMMARY: processing the following files failed:
     ‘shinyjs-example.Rmd’ ‘shinyjs-extend.Rmd’ ‘shinyjs-usage.Rmd’
     ‘shinyjs.Rmd’
    
    Error: Vignette re-building failed.
    Execution halted
Flavor: r-patched-osx-x86_64