CRAN Package Check Results for Package shinyalert

Last updated on 2020-04-25 01:53:17 CEST.

Flavor Version Tinstall Tcheck Ttotal Status Flags
r-devel-linux-x86_64-debian-clang 1.0 1.98 21.32 23.30 OK
r-devel-linux-x86_64-debian-gcc 1.0 1.66 16.95 18.61 OK
r-devel-linux-x86_64-fedora-clang 1.0 29.42 OK
r-devel-linux-x86_64-fedora-gcc 1.0 28.98 OK
r-devel-windows-ix86+x86_64 1.0 7.00 40.00 47.00 OK
r-patched-linux-x86_64 1.0 2.01 20.95 22.96 OK
r-patched-osx-x86_64 1.0 WARN
r-patched-solaris-x86 1.0 42.60 OK
r-release-linux-x86_64 1.0 1.44 19.86 21.30 OK
r-release-windows-ix86+x86_64 1.0 7.00 42.00 49.00 OK
r-release-osx-x86_64 1.0 OK
r-oldrel-windows-ix86+x86_64 1.0 3.00 58.00 61.00 OK
r-oldrel-osx-x86_64 1.0 OK

Check Details

Version: 1.0
Check: re-building of vignette outputs
Result: WARN
    Error(s) in re-building vignettes:
     ...
    --- re-building ‘shinyalert.Rmd’ using rmarkdown
    dyld: lazy symbol binding failed: Symbol not found: ____chkstk_darwin
     Referenced from: /usr/local/bin/pandoc (which was built for Mac OS X 10.15)
     Expected in: /usr/lib/libSystem.B.dylib
    
    dyld: Symbol not found: ____chkstk_darwin
     Referenced from: /usr/local/bin/pandoc (which was built for Mac OS X 10.15)
     Expected in: /usr/lib/libSystem.B.dylib
    
    Error: processing vignette 'shinyalert.Rmd' failed with diagnostics:
    pandoc document conversion failed with error 6
    --- failed re-building ‘shinyalert.Rmd’
    
    SUMMARY: processing the following file failed:
     ‘shinyalert.Rmd’
    
    Error: Vignette re-building failed.
    Execution halted
Flavor: r-patched-osx-x86_64